{"id":3470,"date":"2024-05-15T15:37:03","date_gmt":"2024-05-15T13:37:03","guid":{"rendered":"https:\/\/bastideparis.fr\/ro49090-ovh\/?page_id=3470"},"modified":"2024-05-15T15:38:14","modified_gmt":"2024-05-15T13:38:14","slug":"appui-dos-avec-tetiere","status":"publish","type":"page","link":"https:\/\/bastideparis.fr\/ro49090-ovh\/index.php\/appui-dos-avec-tetiere\/","title":{"rendered":"Appui dos avec t\u00eati\u00e8re"},"content":{"rendered":"\n<p><a href=\"https:\/\/bastideparis.fr\/ro49090-ovh\/index.php\/showroom-chambre\/\">Retour<\/a><\/p>\n\n\n\n<p class=\"has-larger-font-size\"><strong>APPUI DOS AVEC T\u00caTI\u00c8RE<\/strong><\/p>\n\n\n<style>.kb-row-layout-id3470_d39ce2-b2 > .kt-row-column-wrap{align-content:center;}:where(.kb-row-layout-id3470_d39ce2-b2 > .kt-row-column-wrap) > .wp-block-kadence-column{justify-content:center;}.kb-row-layout-id3470_d39ce2-b2 > .kt-row-column-wrap{column-gap:var(--global-kb-gap-md, 2rem);row-gap:var(--global-kb-gap-md, 2rem);padding-top:var(--global-kb-spacing-sm, 1.5rem);padding-bottom:var(--global-kb-spacing-sm, 1.5rem);grid-template-columns:repeat(2, minmax(0, 1fr));}.kb-row-layout-id3470_d39ce2-b2 > .kt-row-layout-overlay{opacity:0.30;}@media all and (max-width: 1024px){.kb-row-layout-id3470_d39ce2-b2 > .kt-row-column-wrap{grid-template-columns:repeat(2, minmax(0, 1fr));}}@media all and (max-width: 767px){.kb-row-layout-id3470_d39ce2-b2 > .kt-row-column-wrap{grid-template-columns:minmax(0, 1fr);}}<\/style><div class=\"kb-row-layout-wrap kb-row-layout-id3470_d39ce2-b2 alignnone wp-block-kadence-rowlayout\"><div class=\"kt-row-column-wrap kt-has-2-columns kt-row-layout-equal kt-tab-layout-inherit kt-mobile-layout-row kt-row-valign-middle\">\n<style>.kadence-column3470_ec80b5-70 > .kt-inside-inner-col,.kadence-column3470_ec80b5-70 > .kt-inside-inner-col:before{border-top-left-radius:0px;border-top-right-radius:0px;border-bottom-right-radius:0px;border-bottom-left-radius:0px;}.kadence-column3470_ec80b5-70 > .kt-inside-inner-col{column-gap:var(--global-kb-gap-sm, 1rem);}.kadence-column3470_ec80b5-70 > .kt-inside-inner-col{flex-direction:column;}.kadence-column3470_ec80b5-70 > .kt-inside-inner-col > .aligncenter{width:100%;}.kadence-column3470_ec80b5-70 > .kt-inside-inner-col:before{opacity:0.3;}.kadence-column3470_ec80b5-70{position:relative;}@media all and (max-width: 1024px){.kadence-column3470_ec80b5-70 > .kt-inside-inner-col{flex-direction:column;justify-content:center;}}@media all and (max-width: 767px){.kadence-column3470_ec80b5-70 > .kt-inside-inner-col{flex-direction:column;justify-content:center;}}<\/style>\n<div class=\"wp-block-kadence-column kadence-column3470_ec80b5-70\"><div class=\"kt-inside-inner-col\">\n<figure class=\"wp-block-image size-full\"><img loading=\"lazy\" decoding=\"async\" width=\"360\" height=\"360\" src=\"https:\/\/bastideparis.fr\/ro49090-ovh\/wp-content\/uploads\/2024\/02\/appui-dos-avec-tetiere-3490.webp\" alt=\"\" class=\"wp-image-2006\" srcset=\"https:\/\/bastideparis.fr\/ro49090-ovh\/wp-content\/uploads\/2024\/02\/appui-dos-avec-tetiere-3490.webp 360w, https:\/\/bastideparis.fr\/ro49090-ovh\/wp-content\/uploads\/2024\/02\/appui-dos-avec-tetiere-3490-300x300.webp 300w, https:\/\/bastideparis.fr\/ro49090-ovh\/wp-content\/uploads\/2024\/02\/appui-dos-avec-tetiere-3490-150x150.webp 150w\" sizes=\"auto, (max-width: 360px) 100vw, 360px\" \/><\/figure>\n<\/div><\/div>\n\n\n<style>.kadence-column3470_04a0a4-e3 > .kt-inside-inner-col,.kadence-column3470_04a0a4-e3 > .kt-inside-inner-col:before{border-top-left-radius:0px;border-top-right-radius:0px;border-bottom-right-radius:0px;border-bottom-left-radius:0px;}.kadence-column3470_04a0a4-e3 > .kt-inside-inner-col{column-gap:var(--global-kb-gap-sm, 1rem);}.kadence-column3470_04a0a4-e3 > .kt-inside-inner-col{flex-direction:column;}.kadence-column3470_04a0a4-e3 > .kt-inside-inner-col > .aligncenter{width:100%;}.kadence-column3470_04a0a4-e3 > .kt-inside-inner-col:before{opacity:0.3;}.kadence-column3470_04a0a4-e3{position:relative;}@media all and (max-width: 1024px){.kadence-column3470_04a0a4-e3 > .kt-inside-inner-col{flex-direction:column;justify-content:center;}}@media all and (max-width: 767px){.kadence-column3470_04a0a4-e3 > .kt-inside-inner-col{flex-direction:column;justify-content:center;}}<\/style>\n<div class=\"wp-block-kadence-column kadence-column3470_04a0a4-e3\"><div class=\"kt-inside-inner-col\">\n<p class=\"has-medium-font-size\"><strong>Appui dos avec t\u00eati\u00e8re : 34,90\u20ac<\/strong><br>R\u00e9f\u00e9rence : 111714<\/p>\n\n\n\n<h2 class=\"wp-block-heading\">Description du produit<\/h2>\n\n\n\n<p>Cet&nbsp;<strong>appui dos&nbsp;<\/strong>est pratique pour un&nbsp;<strong>tr\u00e8s bon maintien du dos<\/strong>&nbsp;et&nbsp;<strong>redresser le buste<\/strong>&nbsp;dans une position agr\u00e9able.<\/p>\n\n\n\n<h2 class=\"wp-block-heading\">Un appui dos t\u00eati\u00e8re r\u00e9glable pour un maximum de confort<\/h2>\n\n\n\n<p>L&rsquo;appui dos dispose de&nbsp;<strong>plusieurs crans de position<\/strong>, se r\u00e8gle et s&rsquo;installe&nbsp;<strong>en toute s\u00e9curit\u00e9&nbsp;<\/strong>dans le lit.<\/p>\n\n\n\n<p><br><\/p>\n<\/div><\/div>\n\n<\/div><\/div>\n\n<style>.kb-row-layout-id3470_84b51d-ba > .kt-row-column-wrap{align-content:start;}:where(.kb-row-layout-id3470_84b51d-ba > .kt-row-column-wrap) > .wp-block-kadence-column{justify-content:start;}.kb-row-layout-id3470_84b51d-ba > .kt-row-column-wrap{column-gap:var(--global-kb-gap-md, 2rem);row-gap:var(--global-kb-gap-md, 2rem);padding-top:var(--global-kb-spacing-sm, 1.5rem);padding-bottom:var(--global-kb-spacing-sm, 1.5rem);grid-template-columns:repeat(2, minmax(0, 1fr));}.kb-row-layout-id3470_84b51d-ba > .kt-row-layout-overlay{opacity:0.30;}@media all and (max-width: 1024px){.kb-row-layout-id3470_84b51d-ba > .kt-row-column-wrap{grid-template-columns:repeat(2, minmax(0, 1fr));}}@media all and (max-width: 767px){.kb-row-layout-id3470_84b51d-ba > .kt-row-column-wrap{grid-template-columns:minmax(0, 1fr);}}<\/style><div class=\"kb-row-layout-wrap kb-row-layout-id3470_84b51d-ba alignnone wp-block-kadence-rowlayout\"><div class=\"kt-row-column-wrap kt-has-2-columns kt-row-layout-equal kt-tab-layout-inherit kt-mobile-layout-row kt-row-valign-top\">\n<style>.kadence-column3470_f6b147-96 > .kt-inside-inner-col,.kadence-column3470_f6b147-96 > .kt-inside-inner-col:before{border-top-left-radius:0px;border-top-right-radius:0px;border-bottom-right-radius:0px;border-bottom-left-radius:0px;}.kadence-column3470_f6b147-96 > .kt-inside-inner-col{column-gap:var(--global-kb-gap-sm, 1rem);}.kadence-column3470_f6b147-96 > .kt-inside-inner-col{flex-direction:column;}.kadence-column3470_f6b147-96 > .kt-inside-inner-col > .aligncenter{width:100%;}.kadence-column3470_f6b147-96 > .kt-inside-inner-col:before{opacity:0.3;}.kadence-column3470_f6b147-96{position:relative;}@media all and (max-width: 1024px){.kadence-column3470_f6b147-96 > .kt-inside-inner-col{flex-direction:column;justify-content:center;}}@media all and (max-width: 767px){.kadence-column3470_f6b147-96 > .kt-inside-inner-col{flex-direction:column;justify-content:center;}}<\/style>\n<div class=\"wp-block-kadence-column kadence-column3470_f6b147-96\"><div class=\"kt-inside-inner-col\">\n<h2 class=\"wp-block-heading\">Optimisez son confort au lit avec cet appui dos<\/h2>\n\n\n\n<p>Equip\u00e9 d&rsquo;un repose t\u00eate compos\u00e9 d&rsquo;un coussinet, l&rsquo;appui dos vous procure un grand confort et&nbsp;<strong>peut s&rsquo;incliner de&nbsp;de 25 \u00e0 75\u00b0.<\/strong><\/p>\n\n\n\n<h2 class=\"wp-block-heading\">Caract\u00e9ristiques de l&rsquo;appui dos avec t\u00eati\u00e8re<\/h2>\n\n\n\n<ul class=\"wp-block-list\">\n<li>Poids : 3 kg.<\/li>\n\n\n\n<li>Mat\u00e9riaux : Acier epoxy.<\/li>\n\n\n\n<li>Encombrement base : 49 x 50 cm.<\/li>\n\n\n\n<li>Dossier : 55 x 50 cm.<\/li>\n\n\n\n<li>Inclinaison de 25 \u00e0 75\u00b0<\/li>\n\n\n\n<li>Largeur hors tout : 61 cm.<\/li>\n\n\n\n<li>Poids maximum de l\u2019utilisateur : 100 kg.<\/li>\n<\/ul>\n<\/div><\/div>\n\n\n<style>.kadence-column3470_200a15-15 > .kt-inside-inner-col,.kadence-column3470_200a15-15 > .kt-inside-inner-col:before{border-top-left-radius:0px;border-top-right-radius:0px;border-bottom-right-radius:0px;border-bottom-left-radius:0px;}.kadence-column3470_200a15-15 > .kt-inside-inner-col{column-gap:var(--global-kb-gap-sm, 1rem);}.kadence-column3470_200a15-15 > .kt-inside-inner-col{flex-direction:column;}.kadence-column3470_200a15-15 > .kt-inside-inner-col > .aligncenter{width:100%;}.kadence-column3470_200a15-15 > .kt-inside-inner-col:before{opacity:0.3;}.kadence-column3470_200a15-15{position:relative;}@media all and (max-width: 1024px){.kadence-column3470_200a15-15 > .kt-inside-inner-col{flex-direction:column;justify-content:center;}}@media all and (max-width: 767px){.kadence-column3470_200a15-15 > .kt-inside-inner-col{flex-direction:column;justify-content:center;}}<\/style>\n<div class=\"wp-block-kadence-column kadence-column3470_200a15-15\"><div class=\"kt-inside-inner-col\"><\/div><\/div>\n\n<\/div><\/div>","protected":false},"excerpt":{"rendered":"<p>Retour APPUI DOS AVEC T\u00caTI\u00c8RE Appui dos avec t\u00eati\u00e8re : 34,90\u20acR\u00e9f\u00e9rence : 111714 Description du produit Cet&nbsp;appui dos&nbsp;est pratique pour un&nbsp;tr\u00e8s bon maintien du dos&nbsp;et&nbsp;redresser le buste&nbsp;dans une position agr\u00e9able. Un appui dos t\u00eati\u00e8re r\u00e9glable pour un maximum de confort L&rsquo;appui dos dispose de&nbsp;plusieurs crans de position, se r\u00e8gle et s&rsquo;installe&nbsp;en toute s\u00e9curit\u00e9&nbsp;dans le lit&#8230;.<\/p>\n","protected":false},"author":1,"featured_media":0,"parent":0,"menu_order":0,"comment_status":"closed","ping_status":"closed","template":"","meta":{"content-type":"","_kad_post_transparent":"","_kad_post_title":"hide","_kad_post_layout":"","_kad_post_sidebar_id":"","_kad_post_content_style":"","_kad_post_vertical_padding":"","_kad_post_feature":"","_kad_post_feature_position":"","_kad_post_header":false,"_kad_post_footer":false,"footnotes":""},"class_list":["post-3470","page","type-page","status-publish","hentry"],"_links":{"self":[{"href":"https:\/\/bastideparis.fr\/ro49090-ovh\/index.php\/wp-json\/wp\/v2\/pages\/3470","targetHints":{"allow":["GET"]}}],"collection":[{"href":"https:\/\/bastideparis.fr\/ro49090-ovh\/index.php\/wp-json\/wp\/v2\/pages"}],"about":[{"href":"https:\/\/bastideparis.fr\/ro49090-ovh\/index.php\/wp-json\/wp\/v2\/types\/page"}],"author":[{"embeddable":true,"href":"https:\/\/bastideparis.fr\/ro49090-ovh\/index.php\/wp-json\/wp\/v2\/users\/1"}],"replies":[{"embeddable":true,"href":"https:\/\/bastideparis.fr\/ro49090-ovh\/index.php\/wp-json\/wp\/v2\/comments?post=3470"}],"version-history":[{"count":4,"href":"https:\/\/bastideparis.fr\/ro49090-ovh\/index.php\/wp-json\/wp\/v2\/pages\/3470\/revisions"}],"predecessor-version":[{"id":3475,"href":"https:\/\/bastideparis.fr\/ro49090-ovh\/index.php\/wp-json\/wp\/v2\/pages\/3470\/revisions\/3475"}],"wp:attachment":[{"href":"https:\/\/bastideparis.fr\/ro49090-ovh\/index.php\/wp-json\/wp\/v2\/media?parent=3470"}],"curies":[{"name":"wp","href":"https:\/\/api.w.org\/{rel}","templated":true}]}}