{"id":3555,"date":"2024-05-29T10:18:53","date_gmt":"2024-05-29T08:18:53","guid":{"rendered":"https:\/\/bastideparis.fr\/ro49090-ovh\/?page_id=3555"},"modified":"2024-05-29T10:18:54","modified_gmt":"2024-05-29T08:18:54","slug":"primo-1-moteur","status":"publish","type":"page","link":"https:\/\/bastideparis.fr\/ro49090-ovh\/index.php\/primo-1-moteur\/","title":{"rendered":"Primo + 1 MOTEUR"},"content":{"rendered":"\n<p><a href=\"https:\/\/bastideparis.fr\/ro49090-ovh\/index.php\/showroom-salon\/\">Retour<\/a><\/p>\n\n\n\n<p class=\"has-larger-font-size\">Primo + 1 MOTEUR<\/p>\n\n\n<style>.kb-row-layout-id3555_4a87c0-b2 > .kt-row-column-wrap{align-content:center;}:where(.kb-row-layout-id3555_4a87c0-b2 > .kt-row-column-wrap) > .wp-block-kadence-column{justify-content:center;}.kb-row-layout-id3555_4a87c0-b2 > .kt-row-column-wrap{column-gap:var(--global-kb-gap-md, 2rem);row-gap:var(--global-kb-gap-md, 2rem);padding-top:var(--global-kb-spacing-sm, 1.5rem);padding-bottom:var(--global-kb-spacing-sm, 1.5rem);grid-template-columns:repeat(2, minmax(0, 1fr));}.kb-row-layout-id3555_4a87c0-b2 > .kt-row-layout-overlay{opacity:0.30;}@media all and (max-width: 1024px){.kb-row-layout-id3555_4a87c0-b2 > .kt-row-column-wrap{grid-template-columns:repeat(2, minmax(0, 1fr));}}@media all and (max-width: 767px){.kb-row-layout-id3555_4a87c0-b2 > .kt-row-column-wrap{grid-template-columns:minmax(0, 1fr);}}<\/style><div class=\"kb-row-layout-wrap kb-row-layout-id3555_4a87c0-b2 alignnone wp-block-kadence-rowlayout\"><div class=\"kt-row-column-wrap kt-has-2-columns kt-row-layout-equal kt-tab-layout-inherit kt-mobile-layout-row kt-row-valign-middle\">\n<style>.kadence-column3555_9cbae2-77 > .kt-inside-inner-col,.kadence-column3555_9cbae2-77 > .kt-inside-inner-col:before{border-top-left-radius:0px;border-top-right-radius:0px;border-bottom-right-radius:0px;border-bottom-left-radius:0px;}.kadence-column3555_9cbae2-77 > .kt-inside-inner-col{column-gap:var(--global-kb-gap-sm, 1rem);}.kadence-column3555_9cbae2-77 > .kt-inside-inner-col{flex-direction:column;}.kadence-column3555_9cbae2-77 > .kt-inside-inner-col > .aligncenter{width:100%;}.kadence-column3555_9cbae2-77 > .kt-inside-inner-col:before{opacity:0.3;}.kadence-column3555_9cbae2-77{position:relative;}@media all and (max-width: 1024px){.kadence-column3555_9cbae2-77 > .kt-inside-inner-col{flex-direction:column;justify-content:center;}}@media all and (max-width: 767px){.kadence-column3555_9cbae2-77 > .kt-inside-inner-col{flex-direction:column;justify-content:center;}}<\/style>\n<div class=\"wp-block-kadence-column kadence-column3555_9cbae2-77\"><div class=\"kt-inside-inner-col\">\n<figure class=\"wp-block-image size-full\"><img loading=\"lazy\" decoding=\"async\" width=\"360\" height=\"360\" src=\"https:\/\/bastideparis.fr\/ro49090-ovh\/wp-content\/uploads\/2024\/02\/fauteuil-primo.webp\" alt=\"\" class=\"wp-image-2530\" srcset=\"https:\/\/bastideparis.fr\/ro49090-ovh\/wp-content\/uploads\/2024\/02\/fauteuil-primo.webp 360w, https:\/\/bastideparis.fr\/ro49090-ovh\/wp-content\/uploads\/2024\/02\/fauteuil-primo-300x300.webp 300w, https:\/\/bastideparis.fr\/ro49090-ovh\/wp-content\/uploads\/2024\/02\/fauteuil-primo-150x150.webp 150w\" sizes=\"auto, (max-width: 360px) 100vw, 360px\" \/><\/figure>\n<\/div><\/div>\n\n\n<style>.kadence-column3555_d7c677-f6 > .kt-inside-inner-col,.kadence-column3555_d7c677-f6 > .kt-inside-inner-col:before{border-top-left-radius:0px;border-top-right-radius:0px;border-bottom-right-radius:0px;border-bottom-left-radius:0px;}.kadence-column3555_d7c677-f6 > .kt-inside-inner-col{column-gap:var(--global-kb-gap-sm, 1rem);}.kadence-column3555_d7c677-f6 > .kt-inside-inner-col{flex-direction:column;}.kadence-column3555_d7c677-f6 > .kt-inside-inner-col > .aligncenter{width:100%;}.kadence-column3555_d7c677-f6 > .kt-inside-inner-col:before{opacity:0.3;}.kadence-column3555_d7c677-f6{position:relative;}@media all and (max-width: 1024px){.kadence-column3555_d7c677-f6 > .kt-inside-inner-col{flex-direction:column;justify-content:center;}}@media all and (max-width: 767px){.kadence-column3555_d7c677-f6 > .kt-inside-inner-col{flex-direction:column;justify-content:center;}}<\/style>\n<div class=\"wp-block-kadence-column kadence-column3555_d7c677-f6\"><div class=\"kt-inside-inner-col\">\n<p><strong>Primo + 1 MOTEUR &#8211; 289\u20ac<br>R\u00e9f\u00e9rence : 115218<\/strong><\/p>\n\n\n\n<h2 class=\"wp-block-heading\">Description du produit<\/h2>\n\n\n\n<p>Le\u00a0<strong>fauteuil releveur \u00e9lectrique 1 moteur PRIMO +<\/strong>\u00a0de la marque\u00a0<strong>Domitec<\/strong>\u00a0vous aide \u00e0 vous\u00a0<strong>asseoir<\/strong>\u00a0et \u00e0 vous\u00a0<strong>relever<\/strong>\u00a0sans le moindre effort.\u00a0Le\u00a0<strong>fauteuil releveur<\/strong>\u00a0<em>Primo +<\/em>\u00a0est un fauteuil de relaxation \u00e9lectrique 1 moteur. Sur ce fauteuil relax le\u00a0<strong>releve jambe<\/strong>\u00a0et le\u00a0<strong>dossier<\/strong>\u00a0s&rsquo;inclinent simultan\u00e9ment .\u00a0<strong>Meilleur prix<\/strong>\u00a01 moteur, rev\u00eatement en microfibre disponible en couleur\u00a0<em>gris<\/em>. S&rsquo;incline jusqu&rsquo;\u00e0\u00a0<strong>135\u00b0<\/strong>\u00a0et supporte au maximum\u00a0<strong>110 kg<\/strong>. Fauteuil \u00e9lectrique non-d\u00e9houssable,\u00a0<strong>assise confort<\/strong>\u00a0et<strong>\u00a0excellent maintien<\/strong>. Garantie de 2 ans.<\/p>\n\n\n\n<h2 class=\"wp-block-heading\">Pourquoi choisir le fauteuil releveur Primo + Domitec ?<\/h2>\n\n\n\n<p>Le&nbsp;<strong>fauteuil relaxant PRIMO +<\/strong>&nbsp;s\u2019incline vers l\u2019avant gr\u00e2ce \u00e0 la fonction releveur et vous&nbsp;<strong>aide<\/strong>&nbsp;\u00e0 vous mettre debout.&nbsp; Avec le&nbsp;<strong>fauteuil \u00e9lectrique 1 moteur PRIMO +<\/strong>&nbsp;vous pouvez aussi accompagner votre&nbsp;<strong>assise<\/strong>&nbsp;et b\u00e9n\u00e9ficier d\u2019une&nbsp;<strong>position confortable<\/strong>&nbsp;notamment avec l\u2019utilisation du repose-jambe.<\/p>\n<\/div><\/div>\n\n<\/div><\/div>\n\n<style>.kb-row-layout-id3555_e476be-34 > .kt-row-column-wrap{align-content:center;}:where(.kb-row-layout-id3555_e476be-34 > .kt-row-column-wrap) > .wp-block-kadence-column{justify-content:center;}.kb-row-layout-id3555_e476be-34 > .kt-row-column-wrap{column-gap:var(--global-kb-gap-md, 2rem);row-gap:var(--global-kb-gap-md, 2rem);padding-top:var(--global-kb-spacing-sm, 1.5rem);padding-bottom:var(--global-kb-spacing-sm, 1.5rem);grid-template-columns:repeat(2, minmax(0, 1fr));}.kb-row-layout-id3555_e476be-34 > .kt-row-layout-overlay{opacity:0.30;}@media all and (max-width: 1024px){.kb-row-layout-id3555_e476be-34 > .kt-row-column-wrap{grid-template-columns:repeat(2, minmax(0, 1fr));}}@media all and (max-width: 767px){.kb-row-layout-id3555_e476be-34 > .kt-row-column-wrap{grid-template-columns:minmax(0, 1fr);}}<\/style><div class=\"kb-row-layout-wrap kb-row-layout-id3555_e476be-34 alignnone wp-block-kadence-rowlayout\"><div class=\"kt-row-column-wrap kt-has-2-columns kt-row-layout-equal kt-tab-layout-inherit kt-mobile-layout-row kt-row-valign-middle\">\n<style>.kadence-column3555_26def0-80 > .kt-inside-inner-col,.kadence-column3555_26def0-80 > .kt-inside-inner-col:before{border-top-left-radius:0px;border-top-right-radius:0px;border-bottom-right-radius:0px;border-bottom-left-radius:0px;}.kadence-column3555_26def0-80 > .kt-inside-inner-col{column-gap:var(--global-kb-gap-sm, 1rem);}.kadence-column3555_26def0-80 > .kt-inside-inner-col{flex-direction:column;}.kadence-column3555_26def0-80 > .kt-inside-inner-col > .aligncenter{width:100%;}.kadence-column3555_26def0-80 > .kt-inside-inner-col:before{opacity:0.3;}.kadence-column3555_26def0-80{position:relative;}@media all and (max-width: 1024px){.kadence-column3555_26def0-80 > .kt-inside-inner-col{flex-direction:column;justify-content:center;}}@media all and (max-width: 767px){.kadence-column3555_26def0-80 > .kt-inside-inner-col{flex-direction:column;justify-content:center;}}<\/style>\n<div class=\"wp-block-kadence-column kadence-column3555_26def0-80\"><div class=\"kt-inside-inner-col\">\n<h2 class=\"wp-block-heading\">Caract\u00e9ristiques techniques du fauteuil releveur \u00e9lectrique 1 moteur<\/h2>\n\n\n<div class=\"wp-block-image\">\n<figure class=\"aligncenter is-resized\"><img decoding=\"async\" src=\"https:\/\/media.bastideleconfortmedical.com\/media\/caracteristiques-fauteuils\/fauteuil-releveur-primo.jpg\" alt=\"Caract\u00e9ristiques du fauteuil releveur Primo\" style=\"width:249px;height:auto\"\/><\/figure>\n<\/div>\n\n\n<ul class=\"wp-block-list\">\n<li>Couleur\u00a0: gris<\/li>\n\n\n\n<li>Alimentation : Secteur 220V +\/- 10V\u00a0<\/li>\n\n\n\n<li>Motorisation\u00a0: 1 moteur<\/li>\n\n\n\n<li>Rev\u00eatement : Microfibre gaufr\u00e9e 100% polyester<\/li>\n\n\n\n<li>Suspension : Sangle entrecrois\u00e9es en \u00e9lastom\u00e8re<\/li>\n\n\n\n<li>Poids maximum utilisateur\u00a0: 110 kg<\/li>\n\n\n\n<li>Densit\u00e9 mousse assise\u00a0: 24 kg\/m3<\/li>\n\n\n\n<li>Densit\u00e9 mousse dossier\u00a0: 18 kg\/m3<\/li>\n\n\n\n<li>Densit\u00e9 manchettes\u00a0: 24kg\/m3<\/li>\n\n\n\n<li>Largeur assise: 47 cm<\/li>\n\n\n\n<li>Hauteur assise: 49 cm<\/li>\n\n\n\n<li>Profondeur assise: 51 cm<\/li>\n\n\n\n<li>Profondeur totale: 89 cm<\/li>\n\n\n\n<li>Largeur totale: 73 cm<\/li>\n\n\n\n<li>Hauteur totale: 103 cm<\/li>\n\n\n\n<li><strong>Garantie: 2 ans<\/strong><\/li>\n\n\n\n<li><strong>Poids net 40KG<\/strong><\/li>\n<\/ul>\n<\/div><\/div>\n\n\n<style>.kadence-column3555_0301d3-54 > .kt-inside-inner-col,.kadence-column3555_0301d3-54 > .kt-inside-inner-col:before{border-top-left-radius:0px;border-top-right-radius:0px;border-bottom-right-radius:0px;border-bottom-left-radius:0px;}.kadence-column3555_0301d3-54 > .kt-inside-inner-col{column-gap:var(--global-kb-gap-sm, 1rem);}.kadence-column3555_0301d3-54 > .kt-inside-inner-col{flex-direction:column;}.kadence-column3555_0301d3-54 > .kt-inside-inner-col > .aligncenter{width:100%;}.kadence-column3555_0301d3-54 > .kt-inside-inner-col:before{opacity:0.3;}.kadence-column3555_0301d3-54{position:relative;}@media all and (max-width: 1024px){.kadence-column3555_0301d3-54 > .kt-inside-inner-col{flex-direction:column;justify-content:center;}}@media all and (max-width: 767px){.kadence-column3555_0301d3-54 > .kt-inside-inner-col{flex-direction:column;justify-content:center;}}<\/style>\n<div class=\"wp-block-kadence-column kadence-column3555_0301d3-54\"><div class=\"kt-inside-inner-col\">\n<figure class=\"wp-block-table\"><table><tbody><tr><td>T\u00e9l\u00e9commande<\/td><td>Filaire<\/td><\/tr><tr><td>Taille<\/td><td>Standard<\/td><\/tr><tr><td>Rev\u00eatement<\/td><td>Microfibre<\/td><\/tr><tr><td>Profondeur d&rsquo;assise<\/td><td>51 cm<\/td><\/tr><tr><td>Profondeur<\/td><td>89 cm<\/td><\/tr><tr><td>Poids max utilisateur<\/td><td>110 kg<\/td><\/tr><tr><td>Motorisation<\/td><td>1 moteur<\/td><\/tr><tr><td>Largeur d&rsquo;assise<\/td><td>47 cm<\/td><\/tr><tr><td>Largeur<\/td><td>73 cm<\/td><\/tr><tr><td>Inclinaison<\/td><td>Inclinaison \u00e0 135\u00b0<\/td><\/tr><tr><td>Hauteur d&rsquo;assise<\/td><td>49 cm<\/td><\/tr><tr><td>Hauteur<\/td><td>103 cm<\/td><\/tr><tr><td>Ann\u00e9es de garanties<\/td><td>2 ans<\/td><\/tr><tr><td>Gamme<\/td><td>Petit budget<\/td><\/tr><tr><td>Couleur<\/td><td>Gris<\/td><\/tr><tr><td>Autre d\u00e9nomination<\/td><td>Fauteuil relax 1 moteur<\/td><\/tr><tr><td>Assise<\/td><td>Confort<\/td><\/tr><\/tbody><\/table><\/figure>\n<\/div><\/div>\n\n<\/div><\/div>","protected":false},"excerpt":{"rendered":"<p>Retour Primo + 1 MOTEUR Primo + 1 MOTEUR &#8211; 289\u20acR\u00e9f\u00e9rence : 115218 Description du produit Le\u00a0fauteuil releveur \u00e9lectrique 1 moteur PRIMO +\u00a0de la marque\u00a0Domitec\u00a0vous aide \u00e0 vous\u00a0asseoir\u00a0et \u00e0 vous\u00a0relever\u00a0sans le moindre effort.\u00a0Le\u00a0fauteuil releveur\u00a0Primo +\u00a0est un fauteuil de relaxation \u00e9lectrique 1 moteur. Sur ce fauteuil relax le\u00a0releve jambe\u00a0et le\u00a0dossier\u00a0s&rsquo;inclinent simultan\u00e9ment .\u00a0Meilleur prix\u00a01 moteur, rev\u00eatement en&#8230;<\/p>\n","protected":false},"author":1,"featured_media":0,"parent":0,"menu_order":0,"comment_status":"closed","ping_status":"closed","template":"","meta":{"content-type":"","_kad_post_transparent":"","_kad_post_title":"hide","_kad_post_layout":"","_kad_post_sidebar_id":"","_kad_post_content_style":"","_kad_post_vertical_padding":"","_kad_post_feature":"","_kad_post_feature_position":"","_kad_post_header":false,"_kad_post_footer":false,"footnotes":""},"class_list":["post-3555","page","type-page","status-publish","hentry"],"_links":{"self":[{"href":"https:\/\/bastideparis.fr\/ro49090-ovh\/index.php\/wp-json\/wp\/v2\/pages\/3555","targetHints":{"allow":["GET"]}}],"collection":[{"href":"https:\/\/bastideparis.fr\/ro49090-ovh\/index.php\/wp-json\/wp\/v2\/pages"}],"about":[{"href":"https:\/\/bastideparis.fr\/ro49090-ovh\/index.php\/wp-json\/wp\/v2\/types\/page"}],"author":[{"embeddable":true,"href":"https:\/\/bastideparis.fr\/ro49090-ovh\/index.php\/wp-json\/wp\/v2\/users\/1"}],"replies":[{"embeddable":true,"href":"https:\/\/bastideparis.fr\/ro49090-ovh\/index.php\/wp-json\/wp\/v2\/comments?post=3555"}],"version-history":[{"count":2,"href":"https:\/\/bastideparis.fr\/ro49090-ovh\/index.php\/wp-json\/wp\/v2\/pages\/3555\/revisions"}],"predecessor-version":[{"id":3557,"href":"https:\/\/bastideparis.fr\/ro49090-ovh\/index.php\/wp-json\/wp\/v2\/pages\/3555\/revisions\/3557"}],"wp:attachment":[{"href":"https:\/\/bastideparis.fr\/ro49090-ovh\/index.php\/wp-json\/wp\/v2\/media?parent=3555"}],"curies":[{"name":"wp","href":"https:\/\/api.w.org\/{rel}","templated":true}]}}