{"id":3561,"date":"2024-05-29T15:17:48","date_gmt":"2024-05-29T13:17:48","guid":{"rendered":"https:\/\/bastideparis.fr\/ro49090-ovh\/?page_id=3561"},"modified":"2024-05-29T15:17:49","modified_gmt":"2024-05-29T13:17:49","slug":"fauteuil-auvergnat","status":"publish","type":"page","link":"https:\/\/bastideparis.fr\/ro49090-ovh\/index.php\/fauteuil-auvergnat\/","title":{"rendered":"FAUTEUIL AUVERGNAT"},"content":{"rendered":"\n<p><a href=\"https:\/\/bastideparis.fr\/ro49090-ovh\/index.php\/showroom-salon\/\">Retour<\/a><\/p>\n\n\n\n<p class=\"has-larger-font-size\">FAUTEUIL CONFORT \u00ab\u00a0L&rsquo;AUVERGNAT\u00a0\u00bb<\/p>\n\n\n<style>.kb-row-layout-id3561_a83d8f-26 > .kt-row-column-wrap{align-content:center;}:where(.kb-row-layout-id3561_a83d8f-26 > .kt-row-column-wrap) > .wp-block-kadence-column{justify-content:center;}.kb-row-layout-id3561_a83d8f-26 > .kt-row-column-wrap{column-gap:var(--global-kb-gap-md, 2rem);row-gap:var(--global-kb-gap-md, 2rem);padding-top:var(--global-kb-spacing-sm, 1.5rem);padding-bottom:var(--global-kb-spacing-sm, 1.5rem);grid-template-columns:repeat(2, minmax(0, 1fr));}.kb-row-layout-id3561_a83d8f-26 > .kt-row-layout-overlay{opacity:0.30;}@media all and (max-width: 1024px){.kb-row-layout-id3561_a83d8f-26 > .kt-row-column-wrap{grid-template-columns:repeat(2, minmax(0, 1fr));}}@media all and (max-width: 767px){.kb-row-layout-id3561_a83d8f-26 > .kt-row-column-wrap{grid-template-columns:minmax(0, 1fr);}}<\/style><div class=\"kb-row-layout-wrap kb-row-layout-id3561_a83d8f-26 alignnone wp-block-kadence-rowlayout\"><div class=\"kt-row-column-wrap kt-has-2-columns kt-row-layout-equal kt-tab-layout-inherit kt-mobile-layout-row kt-row-valign-middle\">\n<style>.kadence-column3561_e3d177-e8 > .kt-inside-inner-col,.kadence-column3561_e3d177-e8 > .kt-inside-inner-col:before{border-top-left-radius:0px;border-top-right-radius:0px;border-bottom-right-radius:0px;border-bottom-left-radius:0px;}.kadence-column3561_e3d177-e8 > .kt-inside-inner-col{column-gap:var(--global-kb-gap-sm, 1rem);}.kadence-column3561_e3d177-e8 > .kt-inside-inner-col{flex-direction:column;}.kadence-column3561_e3d177-e8 > .kt-inside-inner-col > .aligncenter{width:100%;}.kadence-column3561_e3d177-e8 > .kt-inside-inner-col:before{opacity:0.3;}.kadence-column3561_e3d177-e8{position:relative;}@media all and (max-width: 1024px){.kadence-column3561_e3d177-e8 > .kt-inside-inner-col{flex-direction:column;justify-content:center;}}@media all and (max-width: 767px){.kadence-column3561_e3d177-e8 > .kt-inside-inner-col{flex-direction:column;justify-content:center;}}<\/style>\n<div class=\"wp-block-kadence-column kadence-column3561_e3d177-e8\"><div class=\"kt-inside-inner-col\">\n<figure class=\"wp-block-image size-full\"><img loading=\"lazy\" decoding=\"async\" width=\"360\" height=\"360\" src=\"https:\/\/bastideparis.fr\/ro49090-ovh\/wp-content\/uploads\/2024\/02\/lauvergnat.webp\" alt=\"\" class=\"wp-image-2534\" srcset=\"https:\/\/bastideparis.fr\/ro49090-ovh\/wp-content\/uploads\/2024\/02\/lauvergnat.webp 360w, https:\/\/bastideparis.fr\/ro49090-ovh\/wp-content\/uploads\/2024\/02\/lauvergnat-300x300.webp 300w, https:\/\/bastideparis.fr\/ro49090-ovh\/wp-content\/uploads\/2024\/02\/lauvergnat-150x150.webp 150w\" sizes=\"auto, (max-width: 360px) 100vw, 360px\" \/><\/figure>\n<\/div><\/div>\n\n\n<style>.kadence-column3561_bf9711-92 > .kt-inside-inner-col,.kadence-column3561_bf9711-92 > .kt-inside-inner-col:before{border-top-left-radius:0px;border-top-right-radius:0px;border-bottom-right-radius:0px;border-bottom-left-radius:0px;}.kadence-column3561_bf9711-92 > .kt-inside-inner-col{column-gap:var(--global-kb-gap-sm, 1rem);}.kadence-column3561_bf9711-92 > .kt-inside-inner-col{flex-direction:column;}.kadence-column3561_bf9711-92 > .kt-inside-inner-col > .aligncenter{width:100%;}.kadence-column3561_bf9711-92 > .kt-inside-inner-col:before{opacity:0.3;}.kadence-column3561_bf9711-92{position:relative;}@media all and (max-width: 1024px){.kadence-column3561_bf9711-92 > .kt-inside-inner-col{flex-direction:column;justify-content:center;}}@media all and (max-width: 767px){.kadence-column3561_bf9711-92 > .kt-inside-inner-col{flex-direction:column;justify-content:center;}}<\/style>\n<div class=\"wp-block-kadence-column kadence-column3561_bf9711-92\"><div class=\"kt-inside-inner-col\">\n<p><strong>FAUTEUIL CONFORT \u00ab\u00a0L&rsquo;AUVERGNAT\u00a0\u00bb &#8211; 899\u20ac<br>R\u00e9f\u00e9rence : 112810<\/strong><\/p>\n\n\n\n<h2 class=\"wp-block-heading\">Description du produit<\/h2>\n\n\n\n<p>Avec un fauteuil releveur \u00e9lectrique 1 moteur, le dossier le repose-jambes s&rsquo;inclinent simultan\u00e9ment.\u00a0Le\u00a0<strong>fauteuil releveur petite largeur<\/strong>\u00a0<em>l&rsquo;Auvergnat\u00a0<\/em>est un fauteuil de relaxation \u00e9lectrique\u00a0<strong>1 moteur<\/strong>. Sur ce fauteuil relax le releve jambe et le dossier s&rsquo;inclinent simultan\u00e9ment.\u00a0<strong>Special petits espaces<\/strong>, rev\u00eatement en polyester disponible en\u00a0<strong>couleur vison.<\/strong>\u00a0S&rsquo;incline jusqu&rsquo;\u00e0\u00a0<strong>135\u00b0<\/strong>\u00a0et supporte au maximum\u00a0<strong>110 kg<\/strong>. Fauteuil \u00e9lectrique\u00a0<strong>assise basse<\/strong>\u00a0non-d\u00e9houssable, ch\u00e2ssis\u00a0<strong>h\u00eatre massif<\/strong>\u00a0et\u00a0<strong>fabriqu\u00e9 en france<\/strong>. Matelas d&rsquo;assise en continu mousse assise Comfort Bultex.<br>Garantie de 2 ans.<\/p>\n\n\n\n<h2 class=\"wp-block-heading\">Fauteuil relaxant avec une assise basse et confortable<\/h2>\n\n\n\n<p>Le fauteuil releveur l&rsquo;Auvergnat est muni une&nbsp;<strong>assise couette matelass\u00e9e Bultex<\/strong>&nbsp;en mousse de polyur\u00e9thane. Les alv\u00e9oles \u00e9lastiques de cette mousse procurent un&nbsp;<strong>\u00e9quilibre id\u00e9al<\/strong>&nbsp;\u00e0 votre corps. Ce fauteuil offre un&nbsp;<strong>confort&nbsp;<\/strong>et un&nbsp;<strong>soutien parfait<\/strong>&nbsp;\u00e0 l\u2019ensemble de votre corps.<\/p>\n<\/div><\/div>\n\n<\/div><\/div>\n\n<style>.kb-row-layout-id3561_1263cb-a8 > .kt-row-column-wrap{align-content:start;}:where(.kb-row-layout-id3561_1263cb-a8 > .kt-row-column-wrap) > .wp-block-kadence-column{justify-content:start;}.kb-row-layout-id3561_1263cb-a8 > .kt-row-column-wrap{column-gap:var(--global-kb-gap-md, 2rem);row-gap:var(--global-kb-gap-md, 2rem);padding-top:var(--global-kb-spacing-sm, 1.5rem);padding-bottom:var(--global-kb-spacing-sm, 1.5rem);grid-template-columns:repeat(2, minmax(0, 1fr));}.kb-row-layout-id3561_1263cb-a8 > .kt-row-layout-overlay{opacity:0.30;}@media all and (max-width: 1024px){.kb-row-layout-id3561_1263cb-a8 > .kt-row-column-wrap{grid-template-columns:repeat(2, minmax(0, 1fr));}}@media all and (max-width: 767px){.kb-row-layout-id3561_1263cb-a8 > .kt-row-column-wrap{grid-template-columns:minmax(0, 1fr);}}<\/style><div class=\"kb-row-layout-wrap kb-row-layout-id3561_1263cb-a8 alignnone wp-block-kadence-rowlayout\"><div class=\"kt-row-column-wrap kt-has-2-columns kt-row-layout-equal kt-tab-layout-inherit kt-mobile-layout-row kt-row-valign-top\">\n<style>.kadence-column3561_251da3-cf > .kt-inside-inner-col,.kadence-column3561_251da3-cf > .kt-inside-inner-col:before{border-top-left-radius:0px;border-top-right-radius:0px;border-bottom-right-radius:0px;border-bottom-left-radius:0px;}.kadence-column3561_251da3-cf > .kt-inside-inner-col{column-gap:var(--global-kb-gap-sm, 1rem);}.kadence-column3561_251da3-cf > .kt-inside-inner-col{flex-direction:column;}.kadence-column3561_251da3-cf > .kt-inside-inner-col > .aligncenter{width:100%;}.kadence-column3561_251da3-cf > .kt-inside-inner-col:before{opacity:0.3;}.kadence-column3561_251da3-cf{position:relative;}@media all and (max-width: 1024px){.kadence-column3561_251da3-cf > .kt-inside-inner-col{flex-direction:column;justify-content:center;}}@media all and (max-width: 767px){.kadence-column3561_251da3-cf > .kt-inside-inner-col{flex-direction:column;justify-content:center;}}<\/style>\n<div class=\"wp-block-kadence-column kadence-column3561_251da3-cf\"><div class=\"kt-inside-inner-col\">\n<h2 class=\"wp-block-heading\">Un fauteuil releveur \u00e9lectrique fabriqu\u00e9 en France<\/h2>\n\n\n\n<p>Le fauteuil relax l&rsquo;Auvergnat est fabriqu\u00e9 par une&nbsp;<strong>entreprise fran\u00e7aise<\/strong>, lui conf\u00e9rant un&nbsp;<strong>gage de qualit\u00e9<\/strong>&nbsp;suppl\u00e9mentaire. L\u2019int\u00e9rieur de sa structure est fait \u00e0 partir de bois d\u2019h\u00eatre massif et de panneaux de particules. Des sangles en latex composent la suspension de son assise et de son dossier.<\/p>\n\n\n\n<h2 class=\"wp-block-heading\">Un fauteuil relax petite largeur qui ne prend pas de place<\/h2>\n\n\n\n<p>Gr\u00e2ce \u00e0 ses petites dimensions, le fauteuil releveur Compact bois vous offre un&nbsp;<strong>gain de place<\/strong>&nbsp;ind\u00e9niable notamment dans les petits espaces. Egalement, il n\u2019y a pas d\u2019espacement entre l\u2019assise et le repose-jambe.<\/p>\n<\/div><\/div>\n\n\n<style>.kadence-column3561_1d949a-ef > .kt-inside-inner-col,.kadence-column3561_1d949a-ef > .kt-inside-inner-col:before{border-top-left-radius:0px;border-top-right-radius:0px;border-bottom-right-radius:0px;border-bottom-left-radius:0px;}.kadence-column3561_1d949a-ef > .kt-inside-inner-col{column-gap:var(--global-kb-gap-sm, 1rem);}.kadence-column3561_1d949a-ef > .kt-inside-inner-col{flex-direction:column;}.kadence-column3561_1d949a-ef > .kt-inside-inner-col > .aligncenter{width:100%;}.kadence-column3561_1d949a-ef > .kt-inside-inner-col:before{opacity:0.3;}.kadence-column3561_1d949a-ef{position:relative;}@media all and (max-width: 1024px){.kadence-column3561_1d949a-ef > .kt-inside-inner-col{flex-direction:column;justify-content:center;}}@media all and (max-width: 767px){.kadence-column3561_1d949a-ef > .kt-inside-inner-col{flex-direction:column;justify-content:center;}}<\/style>\n<div class=\"wp-block-kadence-column kadence-column3561_1d949a-ef\"><div class=\"kt-inside-inner-col\">\n<h2 class=\"wp-block-heading\">Caract\u00e9ristiques&nbsp;du fauteuil l&rsquo;Auvergnat avec accoudoirs bois<\/h2>\n\n\n\n<ul class=\"wp-block-list\">\n<li>Profondeur hors tout: 87 cm<\/li>\n\n\n\n<li>Largeur hors tout: 69 cm<\/li>\n\n\n\n<li>Hauteur hors tout: 106 cm<\/li>\n\n\n\n<li>Profondeur d\u2019assise: 52 cm<\/li>\n\n\n\n<li>Largeur d\u2019assise: 46 cm<\/li>\n\n\n\n<li>Hauteur d\u2019assise: 45 cm<\/li>\n\n\n\n<li>D\u00e9calage du mur: 45 cm<\/li>\n\n\n\n<li>Densit\u00e9 de la mousse du dossier: 18 kg\/m3<\/li>\n\n\n\n<li>Densit\u00e9 de la mousse de l\u2019assise: 37 kg\/m3<\/li>\n\n\n\n<li>Poids maximum de l\u2019utilisateur: 100kg<\/li>\n\n\n\n<li>Couleur\u00a0: Vison<\/li>\n\n\n\n<li>Rev\u00eatement\u00a0: Tissu polyester<\/li>\n\n\n\n<li>Boiseries apparentes en h\u00eatre massif<\/li>\n\n\n\n<li>Garantie 2 ans<\/li>\n<\/ul>\n\n\n<div class=\"wp-block-image\">\n<figure class=\"aligncenter\"><img decoding=\"async\" src=\"https:\/\/media.bastideleconfortmedical.com\/project\/resources\/img\/type8\/fauteuilreleveurchambord.jpg\" alt=\"\"\/><\/figure>\n<\/div><\/div><\/div>\n\n<\/div><\/div>","protected":false},"excerpt":{"rendered":"<p>Retour FAUTEUIL CONFORT \u00ab\u00a0L&rsquo;AUVERGNAT\u00a0\u00bb FAUTEUIL CONFORT \u00ab\u00a0L&rsquo;AUVERGNAT\u00a0\u00bb &#8211; 899\u20acR\u00e9f\u00e9rence : 112810 Description du produit Avec un fauteuil releveur \u00e9lectrique 1 moteur, le dossier le repose-jambes s&rsquo;inclinent simultan\u00e9ment.\u00a0Le\u00a0fauteuil releveur petite largeur\u00a0l&rsquo;Auvergnat\u00a0est un fauteuil de relaxation \u00e9lectrique\u00a01 moteur. Sur ce fauteuil relax le releve jambe et le dossier s&rsquo;inclinent simultan\u00e9ment.\u00a0Special petits espaces, rev\u00eatement en polyester disponible en\u00a0couleur&#8230;<\/p>\n","protected":false},"author":1,"featured_media":0,"parent":0,"menu_order":0,"comment_status":"closed","ping_status":"closed","template":"","meta":{"content-type":"","_kad_post_transparent":"","_kad_post_title":"hide","_kad_post_layout":"","_kad_post_sidebar_id":"","_kad_post_content_style":"","_kad_post_vertical_padding":"","_kad_post_feature":"","_kad_post_feature_position":"","_kad_post_header":false,"_kad_post_footer":false,"footnotes":""},"class_list":["post-3561","page","type-page","status-publish","hentry"],"_links":{"self":[{"href":"https:\/\/bastideparis.fr\/ro49090-ovh\/index.php\/wp-json\/wp\/v2\/pages\/3561","targetHints":{"allow":["GET"]}}],"collection":[{"href":"https:\/\/bastideparis.fr\/ro49090-ovh\/index.php\/wp-json\/wp\/v2\/pages"}],"about":[{"href":"https:\/\/bastideparis.fr\/ro49090-ovh\/index.php\/wp-json\/wp\/v2\/types\/page"}],"author":[{"embeddable":true,"href":"https:\/\/bastideparis.fr\/ro49090-ovh\/index.php\/wp-json\/wp\/v2\/users\/1"}],"replies":[{"embeddable":true,"href":"https:\/\/bastideparis.fr\/ro49090-ovh\/index.php\/wp-json\/wp\/v2\/comments?post=3561"}],"version-history":[{"count":2,"href":"https:\/\/bastideparis.fr\/ro49090-ovh\/index.php\/wp-json\/wp\/v2\/pages\/3561\/revisions"}],"predecessor-version":[{"id":3564,"href":"https:\/\/bastideparis.fr\/ro49090-ovh\/index.php\/wp-json\/wp\/v2\/pages\/3561\/revisions\/3564"}],"wp:attachment":[{"href":"https:\/\/bastideparis.fr\/ro49090-ovh\/index.php\/wp-json\/wp\/v2\/media?parent=3561"}],"curies":[{"name":"wp","href":"https:\/\/api.w.org\/{rel}","templated":true}]}}