{"id":3687,"date":"2024-06-06T14:30:33","date_gmt":"2024-06-06T12:30:33","guid":{"rendered":"https:\/\/bastideparis.fr\/ro49090-ovh\/?page_id=3687"},"modified":"2024-06-06T14:31:02","modified_gmt":"2024-06-06T12:31:02","slug":"chaise-garde-robe-open-2","status":"publish","type":"page","link":"https:\/\/bastideparis.fr\/ro49090-ovh\/index.php\/chaise-garde-robe-open-2\/","title":{"rendered":"Chaise garde-robe Open"},"content":{"rendered":"\n<p><a href=\"https:\/\/bastideparis.fr\/ro49090-ovh\/index.php\/showroom-toilettes\/\">Retour<\/a><\/p>\n\n\n\n<p class=\"has-larger-font-size\">Chaise garde-robe Open<\/p>\n\n\n<style>.kb-row-layout-id3687_4bb85c-9d > .kt-row-column-wrap{align-content:start;}:where(.kb-row-layout-id3687_4bb85c-9d > .kt-row-column-wrap) > .wp-block-kadence-column{justify-content:start;}.kb-row-layout-id3687_4bb85c-9d > .kt-row-column-wrap{column-gap:var(--global-kb-gap-md, 2rem);row-gap:var(--global-kb-gap-md, 2rem);padding-top:var(--global-kb-spacing-sm, 1.5rem);padding-bottom:var(--global-kb-spacing-sm, 1.5rem);grid-template-columns:repeat(2, minmax(0, 1fr));}.kb-row-layout-id3687_4bb85c-9d > .kt-row-layout-overlay{opacity:0.30;}@media all and (max-width: 1024px){.kb-row-layout-id3687_4bb85c-9d > .kt-row-column-wrap{grid-template-columns:repeat(2, minmax(0, 1fr));}}@media all and (max-width: 767px){.kb-row-layout-id3687_4bb85c-9d > .kt-row-column-wrap{grid-template-columns:minmax(0, 1fr);}}<\/style><div class=\"kb-row-layout-wrap kb-row-layout-id3687_4bb85c-9d alignnone wp-block-kadence-rowlayout\"><div class=\"kt-row-column-wrap kt-has-2-columns kt-row-layout-equal kt-tab-layout-inherit kt-mobile-layout-row kt-row-valign-top\">\n<style>.kadence-column3687_77403f-84 > .kt-inside-inner-col,.kadence-column3687_77403f-84 > .kt-inside-inner-col:before{border-top-left-radius:0px;border-top-right-radius:0px;border-bottom-right-radius:0px;border-bottom-left-radius:0px;}.kadence-column3687_77403f-84 > .kt-inside-inner-col{column-gap:var(--global-kb-gap-sm, 1rem);}.kadence-column3687_77403f-84 > .kt-inside-inner-col{flex-direction:column;}.kadence-column3687_77403f-84 > .kt-inside-inner-col > .aligncenter{width:100%;}.kadence-column3687_77403f-84 > .kt-inside-inner-col:before{opacity:0.3;}.kadence-column3687_77403f-84{position:relative;}@media all and (max-width: 1024px){.kadence-column3687_77403f-84 > .kt-inside-inner-col{flex-direction:column;justify-content:center;}}@media all and (max-width: 767px){.kadence-column3687_77403f-84 > .kt-inside-inner-col{flex-direction:column;justify-content:center;}}<\/style>\n<div class=\"wp-block-kadence-column kadence-column3687_77403f-84\"><div class=\"kt-inside-inner-col\"><div class=\"wp-block-image\">\n<figure class=\"aligncenter size-full\"><img loading=\"lazy\" decoding=\"async\" width=\"800\" height=\"800\" src=\"https:\/\/bastideparis.fr\/ro49090-ovh\/wp-content\/uploads\/2024\/02\/chaise-open.webp\" alt=\"\" class=\"wp-image-2149\" srcset=\"https:\/\/bastideparis.fr\/ro49090-ovh\/wp-content\/uploads\/2024\/02\/chaise-open.webp 800w, https:\/\/bastideparis.fr\/ro49090-ovh\/wp-content\/uploads\/2024\/02\/chaise-open-300x300.webp 300w, https:\/\/bastideparis.fr\/ro49090-ovh\/wp-content\/uploads\/2024\/02\/chaise-open-150x150.webp 150w, https:\/\/bastideparis.fr\/ro49090-ovh\/wp-content\/uploads\/2024\/02\/chaise-open-768x768.webp 768w\" sizes=\"auto, (max-width: 800px) 100vw, 800px\" \/><\/figure>\n<\/div><\/div><\/div>\n\n\n<style>.kadence-column3687_3bc567-b2 > .kt-inside-inner-col,.kadence-column3687_3bc567-b2 > .kt-inside-inner-col:before{border-top-left-radius:0px;border-top-right-radius:0px;border-bottom-right-radius:0px;border-bottom-left-radius:0px;}.kadence-column3687_3bc567-b2 > .kt-inside-inner-col{column-gap:var(--global-kb-gap-sm, 1rem);}.kadence-column3687_3bc567-b2 > .kt-inside-inner-col{flex-direction:column;}.kadence-column3687_3bc567-b2 > .kt-inside-inner-col > .aligncenter{width:100%;}.kadence-column3687_3bc567-b2 > .kt-inside-inner-col:before{opacity:0.3;}.kadence-column3687_3bc567-b2{position:relative;}@media all and (max-width: 1024px){.kadence-column3687_3bc567-b2 > .kt-inside-inner-col{flex-direction:column;justify-content:center;}}@media all and (max-width: 767px){.kadence-column3687_3bc567-b2 > .kt-inside-inner-col{flex-direction:column;justify-content:center;}}<\/style>\n<div class=\"wp-block-kadence-column kadence-column3687_3bc567-b2\"><div class=\"kt-inside-inner-col\">\n<p><strong>Chaise garde-robe Open &#8211; 102,62\u20ac (prise en charge de 102,62\u20ac possible avec une ordonannce)<br>R\u00e9f\u00e9rence : 115766<\/strong><\/p>\n\n\n\n<h2 class=\"wp-block-heading\">Description du produit<\/h2>\n\n\n\n<p>La&nbsp;<strong>Chaise OPEN<\/strong>&nbsp;poss\u00e8de des bras \u00e9vas\u00e9s pour&nbsp;<strong>faciliter le transfert<\/strong>, un&nbsp;<strong>grand dossier<\/strong>&nbsp;soutenant le dos et une&nbsp;<strong>assise rembourr\u00e9e<\/strong>&nbsp;confortable et totalement amovible.<\/p>\n\n\n\n<h2 class=\"wp-block-heading\">Dimensions de la Chaise garde-robe OPEN<\/h2>\n\n\n\n<ul class=\"wp-block-list\">\n<li>Hauteur totale 85.5 cm<\/li>\n\n\n\n<li>Largeur entre accoudoirs 56 cm<\/li>\n\n\n\n<li>Largeur hors tout 63 cm<\/li>\n\n\n\n<li>Hauteur accoudoirs\/ sol 71 cm<\/li>\n\n\n\n<li>Hauteur assise sol 50 cm<\/li>\n\n\n\n<li>Hauteur assise+dossier 40 cm<\/li>\n\n\n\n<li>Profondeur assise 39 cm<\/li>\n\n\n\n<li>Profondeur hors tout 49 cm<\/li>\n\n\n\n<li>Poids 6.21 kg<\/li>\n\n\n\n<li>Ouverture de l\u2019assise perc\u00e9e 21 cm x 25,5 cm<\/li>\n\n\n\n<li><strong>Garantie 2 ans<\/strong><\/li>\n<\/ul>\n<\/div><\/div>\n\n<\/div><\/div>\n\n<style>.kb-row-layout-id3687_acabd2-e8 > .kt-row-column-wrap{align-content:start;}:where(.kb-row-layout-id3687_acabd2-e8 > .kt-row-column-wrap) > .wp-block-kadence-column{justify-content:start;}.kb-row-layout-id3687_acabd2-e8 > .kt-row-column-wrap{column-gap:var(--global-kb-gap-md, 2rem);row-gap:var(--global-kb-gap-md, 2rem);padding-top:var(--global-kb-spacing-sm, 1.5rem);padding-bottom:var(--global-kb-spacing-sm, 1.5rem);grid-template-columns:repeat(2, minmax(0, 1fr));}.kb-row-layout-id3687_acabd2-e8 > .kt-row-layout-overlay{opacity:0.30;}@media all and (max-width: 1024px){.kb-row-layout-id3687_acabd2-e8 > .kt-row-column-wrap{grid-template-columns:repeat(2, minmax(0, 1fr));}}@media all and (max-width: 767px){.kb-row-layout-id3687_acabd2-e8 > .kt-row-column-wrap{grid-template-columns:minmax(0, 1fr);}}<\/style><div class=\"kb-row-layout-wrap kb-row-layout-id3687_acabd2-e8 alignnone wp-block-kadence-rowlayout\"><div class=\"kt-row-column-wrap kt-has-2-columns kt-row-layout-equal kt-tab-layout-inherit kt-mobile-layout-row kt-row-valign-top\">\n<style>.kadence-column3687_6a5d38-4b > .kt-inside-inner-col,.kadence-column3687_6a5d38-4b > .kt-inside-inner-col:before{border-top-left-radius:0px;border-top-right-radius:0px;border-bottom-right-radius:0px;border-bottom-left-radius:0px;}.kadence-column3687_6a5d38-4b > .kt-inside-inner-col{column-gap:var(--global-kb-gap-sm, 1rem);}.kadence-column3687_6a5d38-4b > .kt-inside-inner-col{flex-direction:column;}.kadence-column3687_6a5d38-4b > .kt-inside-inner-col > .aligncenter{width:100%;}.kadence-column3687_6a5d38-4b > .kt-inside-inner-col:before{opacity:0.3;}.kadence-column3687_6a5d38-4b{position:relative;}@media all and (max-width: 1024px){.kadence-column3687_6a5d38-4b > .kt-inside-inner-col{flex-direction:column;justify-content:center;}}@media all and (max-width: 767px){.kadence-column3687_6a5d38-4b > .kt-inside-inner-col{flex-direction:column;justify-content:center;}}<\/style>\n<div class=\"wp-block-kadence-column kadence-column3687_6a5d38-4b\"><div class=\"kt-inside-inner-col\">\n<h2 class=\"wp-block-heading\">Caract\u00e9ristiques<\/h2>\n\n\n\n<figure class=\"wp-block-table\"><table><tbody><tr><td>Profondeur d&rsquo;assise<\/td><td>39 cm<\/td><\/tr><tr><td>Profondeur<\/td><td>49 cm<\/td><\/tr><tr><td>Poids max utilisateur<\/td><td>130 kg<\/td><\/tr><tr><td>Poids<\/td><td>6.21 kg<\/td><\/tr><tr><td>Largeur d&rsquo;assise<\/td><td>56 cm<\/td><\/tr><tr><td>Largeur<\/td><td>63 cm<\/td><\/tr><tr><td>Hauteur d&rsquo;assise<\/td><td>40 vm<\/td><\/tr><tr><td>Hauteur<\/td><td>85.5 cm<\/td><\/tr><\/tbody><\/table><\/figure>\n<\/div><\/div>\n\n\n<style>.kadence-column3687_097e1f-87 > .kt-inside-inner-col,.kadence-column3687_097e1f-87 > .kt-inside-inner-col:before{border-top-left-radius:0px;border-top-right-radius:0px;border-bottom-right-radius:0px;border-bottom-left-radius:0px;}.kadence-column3687_097e1f-87 > .kt-inside-inner-col{column-gap:var(--global-kb-gap-sm, 1rem);}.kadence-column3687_097e1f-87 > .kt-inside-inner-col{flex-direction:column;}.kadence-column3687_097e1f-87 > .kt-inside-inner-col > .aligncenter{width:100%;}.kadence-column3687_097e1f-87 > .kt-inside-inner-col:before{opacity:0.3;}.kadence-column3687_097e1f-87{position:relative;}@media all and (max-width: 1024px){.kadence-column3687_097e1f-87 > .kt-inside-inner-col{flex-direction:column;justify-content:center;}}@media all and (max-width: 767px){.kadence-column3687_097e1f-87 > .kt-inside-inner-col{flex-direction:column;justify-content:center;}}<\/style>\n<div class=\"wp-block-kadence-column kadence-column3687_097e1f-87\"><div class=\"kt-inside-inner-col\"><\/div><\/div>\n\n<\/div><\/div>","protected":false},"excerpt":{"rendered":"<p>Retour Chaise garde-robe Open Chaise garde-robe Open &#8211; 102,62\u20ac (prise en charge de 102,62\u20ac possible avec une ordonannce)R\u00e9f\u00e9rence : 115766 Description du produit La&nbsp;Chaise OPEN&nbsp;poss\u00e8de des bras \u00e9vas\u00e9s pour&nbsp;faciliter le transfert, un&nbsp;grand dossier&nbsp;soutenant le dos et une&nbsp;assise rembourr\u00e9e&nbsp;confortable et totalement amovible. Dimensions de la Chaise garde-robe OPEN Caract\u00e9ristiques Profondeur d&rsquo;assise 39 cm Profondeur 49 cm&#8230;<\/p>\n","protected":false},"author":1,"featured_media":0,"parent":0,"menu_order":0,"comment_status":"closed","ping_status":"closed","template":"","meta":{"content-type":"","_kad_post_transparent":"","_kad_post_title":"hide","_kad_post_layout":"","_kad_post_sidebar_id":"","_kad_post_content_style":"","_kad_post_vertical_padding":"","_kad_post_feature":"","_kad_post_feature_position":"","_kad_post_header":false,"_kad_post_footer":false,"footnotes":""},"class_list":["post-3687","page","type-page","status-publish","hentry"],"_links":{"self":[{"href":"https:\/\/bastideparis.fr\/ro49090-ovh\/index.php\/wp-json\/wp\/v2\/pages\/3687","targetHints":{"allow":["GET"]}}],"collection":[{"href":"https:\/\/bastideparis.fr\/ro49090-ovh\/index.php\/wp-json\/wp\/v2\/pages"}],"about":[{"href":"https:\/\/bastideparis.fr\/ro49090-ovh\/index.php\/wp-json\/wp\/v2\/types\/page"}],"author":[{"embeddable":true,"href":"https:\/\/bastideparis.fr\/ro49090-ovh\/index.php\/wp-json\/wp\/v2\/users\/1"}],"replies":[{"embeddable":true,"href":"https:\/\/bastideparis.fr\/ro49090-ovh\/index.php\/wp-json\/wp\/v2\/comments?post=3687"}],"version-history":[{"count":2,"href":"https:\/\/bastideparis.fr\/ro49090-ovh\/index.php\/wp-json\/wp\/v2\/pages\/3687\/revisions"}],"predecessor-version":[{"id":3689,"href":"https:\/\/bastideparis.fr\/ro49090-ovh\/index.php\/wp-json\/wp\/v2\/pages\/3687\/revisions\/3689"}],"wp:attachment":[{"href":"https:\/\/bastideparis.fr\/ro49090-ovh\/index.php\/wp-json\/wp\/v2\/media?parent=3687"}],"curies":[{"name":"wp","href":"https:\/\/api.w.org\/{rel}","templated":true}]}}