{"id":3694,"date":"2024-06-06T14:43:14","date_gmt":"2024-06-06T12:43:14","guid":{"rendered":"https:\/\/bastideparis.fr\/ro49090-ovh\/?page_id=3694"},"modified":"2024-06-06T14:43:15","modified_gmt":"2024-06-06T12:43:15","slug":"chaise-garde-robe-4-en-1","status":"publish","type":"page","link":"https:\/\/bastideparis.fr\/ro49090-ovh\/index.php\/chaise-garde-robe-4-en-1\/","title":{"rendered":"Chaise garde-robe 4 En 1"},"content":{"rendered":"\n<p><a href=\"https:\/\/bastideparis.fr\/ro49090-ovh\/index.php\/showroom-toilettes\/\">Retour<\/a><\/p>\n\n\n\n<p class=\"has-larger-font-size\">Chaise garde-robe 4 En 1<\/p>\n\n\n<style>.kb-row-layout-id3694_ae59e6-e9 > .kt-row-column-wrap{align-content:start;}:where(.kb-row-layout-id3694_ae59e6-e9 > .kt-row-column-wrap) > .wp-block-kadence-column{justify-content:start;}.kb-row-layout-id3694_ae59e6-e9 > .kt-row-column-wrap{column-gap:var(--global-kb-gap-md, 2rem);row-gap:var(--global-kb-gap-md, 2rem);padding-top:var(--global-kb-spacing-sm, 1.5rem);padding-bottom:var(--global-kb-spacing-sm, 1.5rem);grid-template-columns:repeat(2, minmax(0, 1fr));}.kb-row-layout-id3694_ae59e6-e9 > .kt-row-layout-overlay{opacity:0.30;}@media all and (max-width: 1024px){.kb-row-layout-id3694_ae59e6-e9 > .kt-row-column-wrap{grid-template-columns:repeat(2, minmax(0, 1fr));}}@media all and (max-width: 767px){.kb-row-layout-id3694_ae59e6-e9 > .kt-row-column-wrap{grid-template-columns:minmax(0, 1fr);}}<\/style><div class=\"kb-row-layout-wrap kb-row-layout-id3694_ae59e6-e9 alignnone wp-block-kadence-rowlayout\"><div class=\"kt-row-column-wrap kt-has-2-columns kt-row-layout-equal kt-tab-layout-inherit kt-mobile-layout-row kt-row-valign-top\">\n<style>.kadence-column3694_ab77a1-1f > .kt-inside-inner-col,.kadence-column3694_ab77a1-1f > .kt-inside-inner-col:before{border-top-left-radius:0px;border-top-right-radius:0px;border-bottom-right-radius:0px;border-bottom-left-radius:0px;}.kadence-column3694_ab77a1-1f > .kt-inside-inner-col{column-gap:var(--global-kb-gap-sm, 1rem);}.kadence-column3694_ab77a1-1f > .kt-inside-inner-col{flex-direction:column;}.kadence-column3694_ab77a1-1f > .kt-inside-inner-col > .aligncenter{width:100%;}.kadence-column3694_ab77a1-1f > .kt-inside-inner-col:before{opacity:0.3;}.kadence-column3694_ab77a1-1f{position:relative;}@media all and (max-width: 1024px){.kadence-column3694_ab77a1-1f > .kt-inside-inner-col{flex-direction:column;justify-content:center;}}@media all and (max-width: 767px){.kadence-column3694_ab77a1-1f > .kt-inside-inner-col{flex-direction:column;justify-content:center;}}<\/style>\n<div class=\"wp-block-kadence-column kadence-column3694_ab77a1-1f\"><div class=\"kt-inside-inner-col\"><div class=\"wp-block-image\">\n<figure class=\"aligncenter size-full\"><img loading=\"lazy\" decoding=\"async\" width=\"360\" height=\"360\" src=\"https:\/\/bastideparis.fr\/ro49090-ovh\/wp-content\/uploads\/2024\/02\/4-EN-1.webp\" alt=\"\" class=\"wp-image-2424\" srcset=\"https:\/\/bastideparis.fr\/ro49090-ovh\/wp-content\/uploads\/2024\/02\/4-EN-1.webp 360w, https:\/\/bastideparis.fr\/ro49090-ovh\/wp-content\/uploads\/2024\/02\/4-EN-1-300x300.webp 300w, https:\/\/bastideparis.fr\/ro49090-ovh\/wp-content\/uploads\/2024\/02\/4-EN-1-150x150.webp 150w\" sizes=\"auto, (max-width: 360px) 100vw, 360px\" \/><\/figure>\n<\/div><\/div><\/div>\n\n\n<style>.kadence-column3694_a73616-8a > .kt-inside-inner-col,.kadence-column3694_a73616-8a > .kt-inside-inner-col:before{border-top-left-radius:0px;border-top-right-radius:0px;border-bottom-right-radius:0px;border-bottom-left-radius:0px;}.kadence-column3694_a73616-8a > .kt-inside-inner-col{column-gap:var(--global-kb-gap-sm, 1rem);}.kadence-column3694_a73616-8a > .kt-inside-inner-col{flex-direction:column;}.kadence-column3694_a73616-8a > .kt-inside-inner-col > .aligncenter{width:100%;}.kadence-column3694_a73616-8a > .kt-inside-inner-col:before{opacity:0.3;}.kadence-column3694_a73616-8a{position:relative;}@media all and (max-width: 1024px){.kadence-column3694_a73616-8a > .kt-inside-inner-col{flex-direction:column;justify-content:center;}}@media all and (max-width: 767px){.kadence-column3694_a73616-8a > .kt-inside-inner-col{flex-direction:column;justify-content:center;}}<\/style>\n<div class=\"wp-block-kadence-column kadence-column3694_a73616-8a\"><div class=\"kt-inside-inner-col\">\n<p><strong>Chaise garde-robe 4 En 1 &#8211; 122,62\u20ac (une prise en charge de 102,62\u20ac est possible avec une ordonnance)<br>R\u00e9f\u00e9rence : 109864<\/strong><\/p>\n\n\n\n<h2 class=\"wp-block-heading\">Description du produit<\/h2>\n\n\n\n<p>Le&nbsp;<strong>cadre de WC<\/strong>&nbsp;4 en 1 ALUSTYLE dispose d\u2019une assise confortable et est&nbsp;<strong>tr\u00e8s pratique<\/strong>. Cette chaise garde-robe&nbsp;<strong>4 en 1<\/strong>&nbsp;peut servir de chaise perc\u00e9e, de rehausse WC, de chaise de douche, et de cadre de WC. Sa structure 100% aluminium, est garantie sans corrosion.<\/p>\n\n\n\n<h2 class=\"wp-block-heading\">Pour une utilisation en cadre de WC<\/h2>\n\n\n\n<p>Placez le cadre de WC ALUSTYLE HERDEGEN sur la cuvette des toilettes. R\u00e9glez ensuite la hauteur d\u00e9sir\u00e9e \u00e0 l\u2019aide des&nbsp;<strong>pieds t\u00e9lescopiques<\/strong>.<\/p>\n<\/div><\/div>\n\n<\/div><\/div>\n\n<style>.kb-row-layout-id3694_a06884-61 > .kt-row-column-wrap{align-content:start;}:where(.kb-row-layout-id3694_a06884-61 > .kt-row-column-wrap) > .wp-block-kadence-column{justify-content:start;}.kb-row-layout-id3694_a06884-61 > .kt-row-column-wrap{column-gap:var(--global-kb-gap-md, 2rem);row-gap:var(--global-kb-gap-md, 2rem);padding-top:var(--global-kb-spacing-sm, 1.5rem);padding-bottom:var(--global-kb-spacing-sm, 1.5rem);grid-template-columns:repeat(2, minmax(0, 1fr));}.kb-row-layout-id3694_a06884-61 > .kt-row-layout-overlay{opacity:0.30;}@media all and (max-width: 1024px){.kb-row-layout-id3694_a06884-61 > .kt-row-column-wrap{grid-template-columns:repeat(2, minmax(0, 1fr));}}@media all and (max-width: 767px){.kb-row-layout-id3694_a06884-61 > .kt-row-column-wrap{grid-template-columns:minmax(0, 1fr);}}<\/style><div class=\"kb-row-layout-wrap kb-row-layout-id3694_a06884-61 alignnone wp-block-kadence-rowlayout\"><div class=\"kt-row-column-wrap kt-has-2-columns kt-row-layout-equal kt-tab-layout-inherit kt-mobile-layout-row kt-row-valign-top\">\n<style>.kadence-column3694_f2aaaa-0b > .kt-inside-inner-col,.kadence-column3694_f2aaaa-0b > .kt-inside-inner-col:before{border-top-left-radius:0px;border-top-right-radius:0px;border-bottom-right-radius:0px;border-bottom-left-radius:0px;}.kadence-column3694_f2aaaa-0b > .kt-inside-inner-col{column-gap:var(--global-kb-gap-sm, 1rem);}.kadence-column3694_f2aaaa-0b > .kt-inside-inner-col{flex-direction:column;}.kadence-column3694_f2aaaa-0b > .kt-inside-inner-col > .aligncenter{width:100%;}.kadence-column3694_f2aaaa-0b > .kt-inside-inner-col:before{opacity:0.3;}.kadence-column3694_f2aaaa-0b{position:relative;}@media all and (max-width: 1024px){.kadence-column3694_f2aaaa-0b > .kt-inside-inner-col{flex-direction:column;justify-content:center;}}@media all and (max-width: 767px){.kadence-column3694_f2aaaa-0b > .kt-inside-inner-col{flex-direction:column;justify-content:center;}}<\/style>\n<div class=\"wp-block-kadence-column kadence-column3694_f2aaaa-0b\"><div class=\"kt-inside-inner-col\">\n<h2 class=\"wp-block-heading\">Avantages de la chaise garde-robe 4 en 1<\/h2>\n\n\n\n<ul class=\"wp-block-list\">\n<li>Multi-fonctions (Chaise de douche, rehausse WC, chaise garde-robe et cadre de WC)<\/li>\n\n\n\n<li>Pliable<\/li>\n\n\n\n<li>R\u00e9glable en hauteur<\/li>\n\n\n\n<li>Vendu avec seau<\/li>\n\n\n\n<li>Anti corrosion<\/li>\n<\/ul>\n<\/div><\/div>\n\n\n<style>.kadence-column3694_cea4e8-90 > .kt-inside-inner-col,.kadence-column3694_cea4e8-90 > .kt-inside-inner-col:before{border-top-left-radius:0px;border-top-right-radius:0px;border-bottom-right-radius:0px;border-bottom-left-radius:0px;}.kadence-column3694_cea4e8-90 > .kt-inside-inner-col{column-gap:var(--global-kb-gap-sm, 1rem);}.kadence-column3694_cea4e8-90 > .kt-inside-inner-col{flex-direction:column;}.kadence-column3694_cea4e8-90 > .kt-inside-inner-col > .aligncenter{width:100%;}.kadence-column3694_cea4e8-90 > .kt-inside-inner-col:before{opacity:0.3;}.kadence-column3694_cea4e8-90{position:relative;}@media all and (max-width: 1024px){.kadence-column3694_cea4e8-90 > .kt-inside-inner-col{flex-direction:column;justify-content:center;}}@media all and (max-width: 767px){.kadence-column3694_cea4e8-90 > .kt-inside-inner-col{flex-direction:column;justify-content:center;}}<\/style>\n<div class=\"wp-block-kadence-column kadence-column3694_cea4e8-90\"><div class=\"kt-inside-inner-col\">\n<h2 class=\"wp-block-heading\">Caract\u00e9ristiques de la chaise garde-robe cadre de WC&nbsp;<\/h2>\n\n\n\n<ul class=\"wp-block-list\">\n<li>Poids max utilisateur\u00a0: 120 kg<\/li>\n\n\n\n<li>Rev\u00eatement assise : Plastique PVC souple thermosoud\u00e9e<\/li>\n\n\n\n<li>Tube 100% Aluminium<\/li>\n\n\n\n<li>Largeur d\u2019assise : 40 x 40 cm<\/li>\n\n\n\n<li>Hauteur r\u00e9glable de l&rsquo;assise : 45 cm \u00e0 60 cm<\/li>\n\n\n\n<li>Largeur\u00a0 totale : 42 cm<\/li>\n<\/ul>\n<\/div><\/div>\n\n<\/div><\/div>","protected":false},"excerpt":{"rendered":"<p>Retour Chaise garde-robe 4 En 1 Chaise garde-robe 4 En 1 &#8211; 122,62\u20ac (une prise en charge de 102,62\u20ac est possible avec une ordonnance)R\u00e9f\u00e9rence : 109864 Description du produit Le&nbsp;cadre de WC&nbsp;4 en 1 ALUSTYLE dispose d\u2019une assise confortable et est&nbsp;tr\u00e8s pratique. Cette chaise garde-robe&nbsp;4 en 1&nbsp;peut servir de chaise perc\u00e9e, de rehausse WC, de&#8230;<\/p>\n","protected":false},"author":1,"featured_media":0,"parent":0,"menu_order":0,"comment_status":"closed","ping_status":"closed","template":"","meta":{"content-type":"","_kad_post_transparent":"","_kad_post_title":"hide","_kad_post_layout":"","_kad_post_sidebar_id":"","_kad_post_content_style":"","_kad_post_vertical_padding":"","_kad_post_feature":"","_kad_post_feature_position":"","_kad_post_header":false,"_kad_post_footer":false,"footnotes":""},"class_list":["post-3694","page","type-page","status-publish","hentry"],"_links":{"self":[{"href":"https:\/\/bastideparis.fr\/ro49090-ovh\/index.php\/wp-json\/wp\/v2\/pages\/3694","targetHints":{"allow":["GET"]}}],"collection":[{"href":"https:\/\/bastideparis.fr\/ro49090-ovh\/index.php\/wp-json\/wp\/v2\/pages"}],"about":[{"href":"https:\/\/bastideparis.fr\/ro49090-ovh\/index.php\/wp-json\/wp\/v2\/types\/page"}],"author":[{"embeddable":true,"href":"https:\/\/bastideparis.fr\/ro49090-ovh\/index.php\/wp-json\/wp\/v2\/users\/1"}],"replies":[{"embeddable":true,"href":"https:\/\/bastideparis.fr\/ro49090-ovh\/index.php\/wp-json\/wp\/v2\/comments?post=3694"}],"version-history":[{"count":1,"href":"https:\/\/bastideparis.fr\/ro49090-ovh\/index.php\/wp-json\/wp\/v2\/pages\/3694\/revisions"}],"predecessor-version":[{"id":3695,"href":"https:\/\/bastideparis.fr\/ro49090-ovh\/index.php\/wp-json\/wp\/v2\/pages\/3694\/revisions\/3695"}],"wp:attachment":[{"href":"https:\/\/bastideparis.fr\/ro49090-ovh\/index.php\/wp-json\/wp\/v2\/media?parent=3694"}],"curies":[{"name":"wp","href":"https:\/\/api.w.org\/{rel}","templated":true}]}}