{"id":3739,"date":"2024-06-12T19:59:24","date_gmt":"2024-06-12T17:59:24","guid":{"rendered":"https:\/\/bastideparis.fr\/ro49090-ovh\/?page_id=3739"},"modified":"2024-06-12T20:23:10","modified_gmt":"2024-06-12T18:23:10","slug":"barre-dappui-acier-inoxydable","status":"publish","type":"page","link":"https:\/\/bastideparis.fr\/ro49090-ovh\/index.php\/barre-dappui-acier-inoxydable\/","title":{"rendered":"Barre d&rsquo;appui acier inoxydable"},"content":{"rendered":"\n<p><a href=\"https:\/\/bastideparis.fr\/ro49090-ovh\/index.php\/showroom-toilettes\/\">Retour<\/a><\/p>\n\n\n\n<p class=\"has-larger-font-size\">Barre d&rsquo;appui acier inoxydable<\/p>\n\n\n<style>.kb-row-layout-id3739_3ed9b3-6d > .kt-row-column-wrap{align-content:start;}:where(.kb-row-layout-id3739_3ed9b3-6d > .kt-row-column-wrap) > .wp-block-kadence-column{justify-content:start;}.kb-row-layout-id3739_3ed9b3-6d > .kt-row-column-wrap{column-gap:var(--global-kb-gap-md, 2rem);row-gap:var(--global-kb-gap-md, 2rem);padding-top:var(--global-kb-spacing-sm, 1.5rem);padding-bottom:var(--global-kb-spacing-sm, 1.5rem);grid-template-columns:repeat(2, minmax(0, 1fr));}.kb-row-layout-id3739_3ed9b3-6d > .kt-row-layout-overlay{opacity:0.30;}@media all and (max-width: 1024px){.kb-row-layout-id3739_3ed9b3-6d > .kt-row-column-wrap{grid-template-columns:repeat(2, minmax(0, 1fr));}}@media all and (max-width: 767px){.kb-row-layout-id3739_3ed9b3-6d > .kt-row-column-wrap{grid-template-columns:minmax(0, 1fr);}}<\/style><div class=\"kb-row-layout-wrap kb-row-layout-id3739_3ed9b3-6d alignnone wp-block-kadence-rowlayout\"><div class=\"kt-row-column-wrap kt-has-2-columns kt-row-layout-equal kt-tab-layout-inherit kt-mobile-layout-row kt-row-valign-top\">\n<style>.kadence-column3739_b08933-86 > .kt-inside-inner-col,.kadence-column3739_b08933-86 > .kt-inside-inner-col:before{border-top-left-radius:0px;border-top-right-radius:0px;border-bottom-right-radius:0px;border-bottom-left-radius:0px;}.kadence-column3739_b08933-86 > .kt-inside-inner-col{column-gap:var(--global-kb-gap-sm, 1rem);}.kadence-column3739_b08933-86 > .kt-inside-inner-col{flex-direction:column;}.kadence-column3739_b08933-86 > .kt-inside-inner-col > .aligncenter{width:100%;}.kadence-column3739_b08933-86 > .kt-inside-inner-col:before{opacity:0.3;}.kadence-column3739_b08933-86{position:relative;}@media all and (max-width: 1024px){.kadence-column3739_b08933-86 > .kt-inside-inner-col{flex-direction:column;justify-content:center;}}@media all and (max-width: 767px){.kadence-column3739_b08933-86 > .kt-inside-inner-col{flex-direction:column;justify-content:center;}}<\/style>\n<div class=\"wp-block-kadence-column kadence-column3739_b08933-86\"><div class=\"kt-inside-inner-col\"><div class=\"wp-block-image\">\n<figure class=\"aligncenter size-full\"><img loading=\"lazy\" decoding=\"async\" width=\"360\" height=\"360\" src=\"https:\/\/bastideparis.fr\/ro49090-ovh\/wp-content\/uploads\/2024\/02\/barre-appui-inoxydable.webp\" alt=\"\" class=\"wp-image-2213\" srcset=\"https:\/\/bastideparis.fr\/ro49090-ovh\/wp-content\/uploads\/2024\/02\/barre-appui-inoxydable.webp 360w, https:\/\/bastideparis.fr\/ro49090-ovh\/wp-content\/uploads\/2024\/02\/barre-appui-inoxydable-300x300.webp 300w, https:\/\/bastideparis.fr\/ro49090-ovh\/wp-content\/uploads\/2024\/02\/barre-appui-inoxydable-150x150.webp 150w\" sizes=\"auto, (max-width: 360px) 100vw, 360px\" \/><\/figure>\n<\/div><\/div><\/div>\n\n\n<style>.kadence-column3739_bd523b-fb > .kt-inside-inner-col,.kadence-column3739_bd523b-fb > .kt-inside-inner-col:before{border-top-left-radius:0px;border-top-right-radius:0px;border-bottom-right-radius:0px;border-bottom-left-radius:0px;}.kadence-column3739_bd523b-fb > .kt-inside-inner-col{column-gap:var(--global-kb-gap-sm, 1rem);}.kadence-column3739_bd523b-fb > .kt-inside-inner-col{flex-direction:column;}.kadence-column3739_bd523b-fb > .kt-inside-inner-col > .aligncenter{width:100%;}.kadence-column3739_bd523b-fb > .kt-inside-inner-col:before{opacity:0.3;}.kadence-column3739_bd523b-fb{position:relative;}@media all and (max-width: 1024px){.kadence-column3739_bd523b-fb > .kt-inside-inner-col{flex-direction:column;justify-content:center;}}@media all and (max-width: 767px){.kadence-column3739_bd523b-fb > .kt-inside-inner-col{flex-direction:column;justify-content:center;}}<\/style>\n<div class=\"wp-block-kadence-column kadence-column3739_bd523b-fb\"><div class=\"kt-inside-inner-col\">\n<p><strong>Barre d&rsquo;appui acier inoxydable &#8211; \u00e0 partir de 11,90\u20ac<br>Existe en 30 cm et 45 cm. <\/strong><\/p>\n\n\n\n<h2 class=\"wp-block-heading\">Description du produit<\/h2>\n\n\n\n<p>Ces&nbsp;<strong>barres de maintien<\/strong>&nbsp;s&rsquo;installent facilement dans la salle de bain, le couloir, la mont\u00e9e d&rsquo;escalier&nbsp;pour \u00e9viter les chutes.<\/p>\n\n\n\n<h2 class=\"wp-block-heading\">Caract\u00e9ristiques de la barre d&rsquo;appui en m\u00e9tal<\/h2>\n\n\n\n<ul class=\"wp-block-list\">\n<li>Acier inoxydable<\/li>\n\n\n\n<li>25 mm de diam\u00e8tre<\/li>\n\n\n\n<li>Dimensions possibles\u00a0: 30 cm ou 45 cm<\/li>\n\n\n\n<li>En acier laqu\u00e9 blanc<\/li>\n\n\n\n<li>Poids maximum support\u00e9 en fonction de la fixation: 120 kg<\/li>\n\n\n\n<li>Diam\u00e8tre du tube: 2.5 cm<\/li>\n\n\n\n<li>Distance du mur : 4 cm<\/li>\n<\/ul>\n\n\n\n<p>Besoin de plus d\u2019information&nbsp;? N\u2019h\u00e9sitez pas \u00e0 consulter l\u2019article sur notre&nbsp;<a href=\"https:\/\/conseil.bastideleconfortmedical.com\/\" target=\"_blank\" rel=\"noreferrer noopener\">blog conseil<\/a>&nbsp;:&nbsp;<a href=\"https:\/\/conseil.bastideleconfortmedical.com\/salle-de-bain-autonomie-securite\/\" target=\"_blank\" rel=\"noreferrer noopener\">autonomie et s\u00e9curit\u00e9 dans les salles de bain<\/a>.<\/p>\n\n\n\n<p>Livr\u00e9e sans les vis<\/p>\n<\/div><\/div>\n\n<\/div><\/div>","protected":false},"excerpt":{"rendered":"<p>Retour Barre d&rsquo;appui acier inoxydable Barre d&rsquo;appui acier inoxydable &#8211; \u00e0 partir de 11,90\u20acExiste en 30 cm et 45 cm. Description du produit Ces&nbsp;barres de maintien&nbsp;s&rsquo;installent facilement dans la salle de bain, le couloir, la mont\u00e9e d&rsquo;escalier&nbsp;pour \u00e9viter les chutes. Caract\u00e9ristiques de la barre d&rsquo;appui en m\u00e9tal Besoin de plus d\u2019information&nbsp;? N\u2019h\u00e9sitez pas \u00e0 consulter&#8230;<\/p>\n","protected":false},"author":1,"featured_media":0,"parent":0,"menu_order":0,"comment_status":"closed","ping_status":"closed","template":"","meta":{"content-type":"","_kad_post_transparent":"","_kad_post_title":"hide","_kad_post_layout":"","_kad_post_sidebar_id":"","_kad_post_content_style":"","_kad_post_vertical_padding":"","_kad_post_feature":"","_kad_post_feature_position":"","_kad_post_header":false,"_kad_post_footer":false,"footnotes":""},"class_list":["post-3739","page","type-page","status-publish","hentry"],"_links":{"self":[{"href":"https:\/\/bastideparis.fr\/ro49090-ovh\/index.php\/wp-json\/wp\/v2\/pages\/3739","targetHints":{"allow":["GET"]}}],"collection":[{"href":"https:\/\/bastideparis.fr\/ro49090-ovh\/index.php\/wp-json\/wp\/v2\/pages"}],"about":[{"href":"https:\/\/bastideparis.fr\/ro49090-ovh\/index.php\/wp-json\/wp\/v2\/types\/page"}],"author":[{"embeddable":true,"href":"https:\/\/bastideparis.fr\/ro49090-ovh\/index.php\/wp-json\/wp\/v2\/users\/1"}],"replies":[{"embeddable":true,"href":"https:\/\/bastideparis.fr\/ro49090-ovh\/index.php\/wp-json\/wp\/v2\/comments?post=3739"}],"version-history":[{"count":2,"href":"https:\/\/bastideparis.fr\/ro49090-ovh\/index.php\/wp-json\/wp\/v2\/pages\/3739\/revisions"}],"predecessor-version":[{"id":3741,"href":"https:\/\/bastideparis.fr\/ro49090-ovh\/index.php\/wp-json\/wp\/v2\/pages\/3739\/revisions\/3741"}],"wp:attachment":[{"href":"https:\/\/bastideparis.fr\/ro49090-ovh\/index.php\/wp-json\/wp\/v2\/media?parent=3739"}],"curies":[{"name":"wp","href":"https:\/\/api.w.org\/{rel}","templated":true}]}}