{"id":3858,"date":"2024-06-13T13:40:55","date_gmt":"2024-06-13T11:40:55","guid":{"rendered":"https:\/\/bastideparis.fr\/ro49090-ovh\/?page_id=3858"},"modified":"2024-06-13T13:40:55","modified_gmt":"2024-06-13T11:40:55","slug":"deambulateur-4-roues-papyrus","status":"publish","type":"page","link":"https:\/\/bastideparis.fr\/ro49090-ovh\/index.php\/deambulateur-4-roues-papyrus\/","title":{"rendered":"D\u00e9ambulateur 4 roues papyrus"},"content":{"rendered":"\n<p><a href=\"https:\/\/bastideparis.fr\/ro49090-ovh\/index.php\/showroom-exterieur\/\">Retour<\/a><\/p>\n\n\n\n<p class=\"has-larger-font-size\">D\u00e9ambulateur 4 roues Papyrus<\/p>\n\n\n<style>.kb-row-layout-id3858_2f7115-a7 > .kt-row-column-wrap{align-content:start;}:where(.kb-row-layout-id3858_2f7115-a7 > .kt-row-column-wrap) > .wp-block-kadence-column{justify-content:start;}.kb-row-layout-id3858_2f7115-a7 > .kt-row-column-wrap{column-gap:var(--global-kb-gap-md, 2rem);row-gap:var(--global-kb-gap-md, 2rem);padding-top:var(--global-kb-spacing-sm, 1.5rem);padding-bottom:var(--global-kb-spacing-sm, 1.5rem);grid-template-columns:repeat(2, minmax(0, 1fr));}.kb-row-layout-id3858_2f7115-a7 > .kt-row-layout-overlay{opacity:0.30;}@media all and (max-width: 1024px){.kb-row-layout-id3858_2f7115-a7 > .kt-row-column-wrap{grid-template-columns:repeat(2, minmax(0, 1fr));}}@media all and (max-width: 767px){.kb-row-layout-id3858_2f7115-a7 > .kt-row-column-wrap{grid-template-columns:minmax(0, 1fr);}}<\/style><div class=\"kb-row-layout-wrap kb-row-layout-id3858_2f7115-a7 alignnone wp-block-kadence-rowlayout\"><div class=\"kt-row-column-wrap kt-has-2-columns kt-row-layout-equal kt-tab-layout-inherit kt-mobile-layout-row kt-row-valign-top\">\n<style>.kadence-column3858_85646c-b8 > .kt-inside-inner-col,.kadence-column3858_85646c-b8 > .kt-inside-inner-col:before{border-top-left-radius:0px;border-top-right-radius:0px;border-bottom-right-radius:0px;border-bottom-left-radius:0px;}.kadence-column3858_85646c-b8 > .kt-inside-inner-col{column-gap:var(--global-kb-gap-sm, 1rem);}.kadence-column3858_85646c-b8 > .kt-inside-inner-col{flex-direction:column;}.kadence-column3858_85646c-b8 > .kt-inside-inner-col > .aligncenter{width:100%;}.kadence-column3858_85646c-b8 > .kt-inside-inner-col:before{opacity:0.3;}.kadence-column3858_85646c-b8{position:relative;}@media all and (max-width: 1024px){.kadence-column3858_85646c-b8 > .kt-inside-inner-col{flex-direction:column;justify-content:center;}}@media all and (max-width: 767px){.kadence-column3858_85646c-b8 > .kt-inside-inner-col{flex-direction:column;justify-content:center;}}<\/style>\n<div class=\"wp-block-kadence-column kadence-column3858_85646c-b8\"><div class=\"kt-inside-inner-col\"><div class=\"wp-block-image\">\n<figure class=\"aligncenter size-full\"><img loading=\"lazy\" decoding=\"async\" width=\"800\" height=\"800\" src=\"https:\/\/bastideparis.fr\/ro49090-ovh\/wp-content\/uploads\/2024\/06\/papyrus.webp\" alt=\"\" class=\"wp-image-3856\" srcset=\"https:\/\/bastideparis.fr\/ro49090-ovh\/wp-content\/uploads\/2024\/06\/papyrus.webp 800w, https:\/\/bastideparis.fr\/ro49090-ovh\/wp-content\/uploads\/2024\/06\/papyrus-300x300.webp 300w, https:\/\/bastideparis.fr\/ro49090-ovh\/wp-content\/uploads\/2024\/06\/papyrus-150x150.webp 150w, https:\/\/bastideparis.fr\/ro49090-ovh\/wp-content\/uploads\/2024\/06\/papyrus-768x768.webp 768w\" sizes=\"auto, (max-width: 800px) 100vw, 800px\" \/><\/figure>\n<\/div><\/div><\/div>\n\n\n<style>.kadence-column3858_a67d5b-7d > .kt-inside-inner-col,.kadence-column3858_a67d5b-7d > .kt-inside-inner-col:before{border-top-left-radius:0px;border-top-right-radius:0px;border-bottom-right-radius:0px;border-bottom-left-radius:0px;}.kadence-column3858_a67d5b-7d > .kt-inside-inner-col{column-gap:var(--global-kb-gap-sm, 1rem);}.kadence-column3858_a67d5b-7d > .kt-inside-inner-col{flex-direction:column;}.kadence-column3858_a67d5b-7d > .kt-inside-inner-col > .aligncenter{width:100%;}.kadence-column3858_a67d5b-7d > .kt-inside-inner-col:before{opacity:0.3;}.kadence-column3858_a67d5b-7d{position:relative;}@media all and (max-width: 1024px){.kadence-column3858_a67d5b-7d > .kt-inside-inner-col{flex-direction:column;justify-content:center;}}@media all and (max-width: 767px){.kadence-column3858_a67d5b-7d > .kt-inside-inner-col{flex-direction:column;justify-content:center;}}<\/style>\n<div class=\"wp-block-kadence-column kadence-column3858_a67d5b-7d\"><div class=\"kt-inside-inner-col\">\n<p><strong>D\u00e9ambulateur 4 roues Papyrus &#8211; 83,81\u20ac (une prise en charge de 53,81\u20ac est possible avec une ordonnance)<br>R\u00e9f\u00e9rence : 115712<\/strong><\/p>\n\n\n\n<h2 class=\"wp-block-heading\">Caract\u00e9ristiques techniques du d\u00e9ambulateur 4 roues Papyrus<\/h2>\n\n\n\n<ul class=\"wp-block-list\">\n<li>Dimensions hors tout : P. 64 x l. 59 x H. 77\/94 cm<\/li>\n\n\n\n<li>Hauteur maximale : 94cm<\/li>\n\n\n\n<li>Couleur : Taupe<\/li>\n\n\n\n<li>Hauteur d\u2019assise : 57 cm<\/li>\n\n\n\n<li>Largeur d\u2019assise : 38 cm<\/li>\n\n\n\n<li>Profondeur d\u2019assise : 17,5 cm<\/li>\n\n\n\n<li>Largeur pli\u00e9 : 26 cm<\/li>\n\n\n\n<li>Mati\u00e8re : m\u00e9tal<\/li>\n\n\n\n<li>Poids : 9 kg<\/li>\n\n\n\n<li>Charge maximale du panier : 5Kg<\/li>\n\n\n\n<li>Poids maxi utilisateur : 130 kg<\/li>\n<\/ul>\n<\/div><\/div>\n\n<\/div><\/div>","protected":false},"excerpt":{"rendered":"<p>Retour D\u00e9ambulateur 4 roues Papyrus D\u00e9ambulateur 4 roues Papyrus &#8211; 83,81\u20ac (une prise en charge de 53,81\u20ac est possible avec une ordonnance)R\u00e9f\u00e9rence : 115712 Caract\u00e9ristiques techniques du d\u00e9ambulateur 4 roues Papyrus<\/p>\n","protected":false},"author":1,"featured_media":0,"parent":0,"menu_order":0,"comment_status":"closed","ping_status":"closed","template":"","meta":{"content-type":"","_kad_post_transparent":"","_kad_post_title":"hide","_kad_post_layout":"","_kad_post_sidebar_id":"","_kad_post_content_style":"","_kad_post_vertical_padding":"","_kad_post_feature":"","_kad_post_feature_position":"","_kad_post_header":false,"_kad_post_footer":false,"footnotes":""},"class_list":["post-3858","page","type-page","status-publish","hentry"],"_links":{"self":[{"href":"https:\/\/bastideparis.fr\/ro49090-ovh\/index.php\/wp-json\/wp\/v2\/pages\/3858","targetHints":{"allow":["GET"]}}],"collection":[{"href":"https:\/\/bastideparis.fr\/ro49090-ovh\/index.php\/wp-json\/wp\/v2\/pages"}],"about":[{"href":"https:\/\/bastideparis.fr\/ro49090-ovh\/index.php\/wp-json\/wp\/v2\/types\/page"}],"author":[{"embeddable":true,"href":"https:\/\/bastideparis.fr\/ro49090-ovh\/index.php\/wp-json\/wp\/v2\/users\/1"}],"replies":[{"embeddable":true,"href":"https:\/\/bastideparis.fr\/ro49090-ovh\/index.php\/wp-json\/wp\/v2\/comments?post=3858"}],"version-history":[{"count":1,"href":"https:\/\/bastideparis.fr\/ro49090-ovh\/index.php\/wp-json\/wp\/v2\/pages\/3858\/revisions"}],"predecessor-version":[{"id":3859,"href":"https:\/\/bastideparis.fr\/ro49090-ovh\/index.php\/wp-json\/wp\/v2\/pages\/3858\/revisions\/3859"}],"wp:attachment":[{"href":"https:\/\/bastideparis.fr\/ro49090-ovh\/index.php\/wp-json\/wp\/v2\/media?parent=3858"}],"curies":[{"name":"wp","href":"https:\/\/api.w.org\/{rel}","templated":true}]}}