{"id":3888,"date":"2024-06-13T14:44:53","date_gmt":"2024-06-13T12:44:53","guid":{"rendered":"https:\/\/bastideparis.fr\/ro49090-ovh\/?page_id=3888"},"modified":"2024-06-13T14:44:54","modified_gmt":"2024-06-13T12:44:54","slug":"deambulateur-4-roues-prunus","status":"publish","type":"page","link":"https:\/\/bastideparis.fr\/ro49090-ovh\/index.php\/deambulateur-4-roues-prunus\/","title":{"rendered":"D\u00e9ambulateur 4 roues Prunus"},"content":{"rendered":"\n<p><a href=\"https:\/\/bastideparis.fr\/ro49090-ovh\/index.php\/showroom-exterieur\/\">Retour<\/a><\/p>\n\n\n\n<p class=\"has-larger-font-size\">D\u00e9ambulateur 4 roues Prunus<\/p>\n\n\n<style>.kb-row-layout-id3888_d2fac3-41 > .kt-row-column-wrap{align-content:start;}:where(.kb-row-layout-id3888_d2fac3-41 > .kt-row-column-wrap) > .wp-block-kadence-column{justify-content:start;}.kb-row-layout-id3888_d2fac3-41 > .kt-row-column-wrap{column-gap:var(--global-kb-gap-md, 2rem);row-gap:var(--global-kb-gap-md, 2rem);padding-top:var(--global-kb-spacing-sm, 1.5rem);padding-bottom:var(--global-kb-spacing-sm, 1.5rem);grid-template-columns:repeat(2, minmax(0, 1fr));}.kb-row-layout-id3888_d2fac3-41 > .kt-row-layout-overlay{opacity:0.30;}@media all and (max-width: 1024px){.kb-row-layout-id3888_d2fac3-41 > .kt-row-column-wrap{grid-template-columns:repeat(2, minmax(0, 1fr));}}@media all and (max-width: 767px){.kb-row-layout-id3888_d2fac3-41 > .kt-row-column-wrap{grid-template-columns:minmax(0, 1fr);}}<\/style><div class=\"kb-row-layout-wrap kb-row-layout-id3888_d2fac3-41 alignnone wp-block-kadence-rowlayout\"><div class=\"kt-row-column-wrap kt-has-2-columns kt-row-layout-equal kt-tab-layout-inherit kt-mobile-layout-row kt-row-valign-top\">\n<style>.kadence-column3888_6a89eb-d6 > .kt-inside-inner-col,.kadence-column3888_6a89eb-d6 > .kt-inside-inner-col:before{border-top-left-radius:0px;border-top-right-radius:0px;border-bottom-right-radius:0px;border-bottom-left-radius:0px;}.kadence-column3888_6a89eb-d6 > .kt-inside-inner-col{column-gap:var(--global-kb-gap-sm, 1rem);}.kadence-column3888_6a89eb-d6 > .kt-inside-inner-col{flex-direction:column;}.kadence-column3888_6a89eb-d6 > .kt-inside-inner-col > .aligncenter{width:100%;}.kadence-column3888_6a89eb-d6 > .kt-inside-inner-col:before{opacity:0.3;}.kadence-column3888_6a89eb-d6{position:relative;}@media all and (max-width: 1024px){.kadence-column3888_6a89eb-d6 > .kt-inside-inner-col{flex-direction:column;justify-content:center;}}@media all and (max-width: 767px){.kadence-column3888_6a89eb-d6 > .kt-inside-inner-col{flex-direction:column;justify-content:center;}}<\/style>\n<div class=\"wp-block-kadence-column kadence-column3888_6a89eb-d6\"><div class=\"kt-inside-inner-col\">\n<figure class=\"wp-block-image size-full\"><img loading=\"lazy\" decoding=\"async\" width=\"800\" height=\"800\" src=\"https:\/\/bastideparis.fr\/ro49090-ovh\/wp-content\/uploads\/2024\/06\/PRUNUS-1.webp\" alt=\"\" class=\"wp-image-3862\" srcset=\"https:\/\/bastideparis.fr\/ro49090-ovh\/wp-content\/uploads\/2024\/06\/PRUNUS-1.webp 800w, https:\/\/bastideparis.fr\/ro49090-ovh\/wp-content\/uploads\/2024\/06\/PRUNUS-1-300x300.webp 300w, https:\/\/bastideparis.fr\/ro49090-ovh\/wp-content\/uploads\/2024\/06\/PRUNUS-1-150x150.webp 150w, https:\/\/bastideparis.fr\/ro49090-ovh\/wp-content\/uploads\/2024\/06\/PRUNUS-1-768x768.webp 768w\" sizes=\"auto, (max-width: 800px) 100vw, 800px\" \/><\/figure>\n<\/div><\/div>\n\n\n<style>.kadence-column3888_48e2f5-00 > .kt-inside-inner-col,.kadence-column3888_48e2f5-00 > .kt-inside-inner-col:before{border-top-left-radius:0px;border-top-right-radius:0px;border-bottom-right-radius:0px;border-bottom-left-radius:0px;}.kadence-column3888_48e2f5-00 > .kt-inside-inner-col{column-gap:var(--global-kb-gap-sm, 1rem);}.kadence-column3888_48e2f5-00 > .kt-inside-inner-col{flex-direction:column;}.kadence-column3888_48e2f5-00 > .kt-inside-inner-col > .aligncenter{width:100%;}.kadence-column3888_48e2f5-00 > .kt-inside-inner-col:before{opacity:0.3;}.kadence-column3888_48e2f5-00{position:relative;}@media all and (max-width: 1024px){.kadence-column3888_48e2f5-00 > .kt-inside-inner-col{flex-direction:column;justify-content:center;}}@media all and (max-width: 767px){.kadence-column3888_48e2f5-00 > .kt-inside-inner-col{flex-direction:column;justify-content:center;}}<\/style>\n<div class=\"wp-block-kadence-column kadence-column3888_48e2f5-00\"><div class=\"kt-inside-inner-col\">\n<p><strong>D\u00e9ambulateur 4 roues Prunus &#8211; 159\u20ac (une prise en charge de 53,81\u20ac est possible avec une ordonnance)<br>R\u00e9f\u00e9rence : 115717<\/strong><\/p>\n\n\n\n<h2 class=\"wp-block-heading\">Description du produit<\/h2>\n\n\n\n<p>Dot\u00e9 d\u2019un design moderne en bleu saphir m\u00e9tallis\u00e9, le d\u00e9ambulateur \u00abPrunus\u00bb est l\u00e9ger gr\u00e2ce \u00e0 sa structure aluminium et tr\u00e9s maniable. Les nombreux r\u00e9glages en hauteur assurent une bonne position \u00e0 l\u2019utilisateur.<br>Le double syst\u00e8me de frein (un frein nominal et un frein de parking) \u00e0 chaque poign\u00e9e offre une s\u00e9curit\u00e9 suppl\u00e9mentaire. Le d\u00e9ambulateur Prunus est pliable pour le transport, il dispose d\u2019un sac de course et d\u2019un porte canne pour faciliter vos d\u00e9pacements quotidien. La fonctionnalit\u00e9 est am\u00e9lior\u00e9e par une position assise sur le si\u00e8ge rembourr\u00e9 et r\u00e9glable en hauteur, ainsi que d\u2019un dossier confortable.<\/p>\n<\/div><\/div>\n\n<\/div><\/div>\n\n<style>.kb-row-layout-id3888_cbd6d0-3f > .kt-row-column-wrap{align-content:start;}:where(.kb-row-layout-id3888_cbd6d0-3f > .kt-row-column-wrap) > .wp-block-kadence-column{justify-content:start;}.kb-row-layout-id3888_cbd6d0-3f > .kt-row-column-wrap{column-gap:var(--global-kb-gap-md, 2rem);row-gap:var(--global-kb-gap-md, 2rem);padding-top:var(--global-kb-spacing-sm, 1.5rem);padding-bottom:var(--global-kb-spacing-sm, 1.5rem);grid-template-columns:repeat(2, minmax(0, 1fr));}.kb-row-layout-id3888_cbd6d0-3f > .kt-row-layout-overlay{opacity:0.30;}@media all and (max-width: 1024px){.kb-row-layout-id3888_cbd6d0-3f > .kt-row-column-wrap{grid-template-columns:repeat(2, minmax(0, 1fr));}}@media all and (max-width: 767px){.kb-row-layout-id3888_cbd6d0-3f > .kt-row-column-wrap{grid-template-columns:minmax(0, 1fr);}}<\/style><div class=\"kb-row-layout-wrap kb-row-layout-id3888_cbd6d0-3f alignnone wp-block-kadence-rowlayout\"><div class=\"kt-row-column-wrap kt-has-2-columns kt-row-layout-equal kt-tab-layout-inherit kt-mobile-layout-row kt-row-valign-top\">\n<style>.kadence-column3888_83f01d-75 > .kt-inside-inner-col,.kadence-column3888_83f01d-75 > .kt-inside-inner-col:before{border-top-left-radius:0px;border-top-right-radius:0px;border-bottom-right-radius:0px;border-bottom-left-radius:0px;}.kadence-column3888_83f01d-75 > .kt-inside-inner-col{column-gap:var(--global-kb-gap-sm, 1rem);}.kadence-column3888_83f01d-75 > .kt-inside-inner-col{flex-direction:column;}.kadence-column3888_83f01d-75 > .kt-inside-inner-col > .aligncenter{width:100%;}.kadence-column3888_83f01d-75 > .kt-inside-inner-col:before{opacity:0.3;}.kadence-column3888_83f01d-75{position:relative;}@media all and (max-width: 1024px){.kadence-column3888_83f01d-75 > .kt-inside-inner-col{flex-direction:column;justify-content:center;}}@media all and (max-width: 767px){.kadence-column3888_83f01d-75 > .kt-inside-inner-col{flex-direction:column;justify-content:center;}}<\/style>\n<div class=\"wp-block-kadence-column kadence-column3888_83f01d-75\"><div class=\"kt-inside-inner-col\">\n<h2 class=\"wp-block-heading\">Caract\u00e9ristiques<\/h2>\n\n\n\n<p>Largeur : Ouvert 62 cm \/ Pli\u00e9 31 cm<br>Profondeur : 77 cm<br>Hauteur Minimum \/ maximum aux poign\u00e9es : 86 \u00e0 100 cm<br>R\u00e9glages de hauteur :<br>4 positions de hauteurs aux roues avant et arri\u00e8re<br>5 positions de hauteur aux poign\u00e9es de pouss\u00e9e.<br>Hauteur sol-si\u00e8ge : 53 \u00e0 60 cm<br>Dimension du si\u00e8ge : 37 x 25 cm<br>Mati\u00e8re : aluminium<br>Couleur : bleu saphir m\u00e9tallis\u00e9<br>Diam\u00e8tre des 4 roues : 20 cm<br>Poids : 6.4 Kg<br>Charge maximale du panier de course : 5 Kg<br>Poids maximum utilisateur : 136 Kg<br>Garantie 2 ans<\/p>\n<\/div><\/div>\n\n\n<style>.kadence-column3888_ba4169-a4 > .kt-inside-inner-col,.kadence-column3888_ba4169-a4 > .kt-inside-inner-col:before{border-top-left-radius:0px;border-top-right-radius:0px;border-bottom-right-radius:0px;border-bottom-left-radius:0px;}.kadence-column3888_ba4169-a4 > .kt-inside-inner-col{column-gap:var(--global-kb-gap-sm, 1rem);}.kadence-column3888_ba4169-a4 > .kt-inside-inner-col{flex-direction:column;}.kadence-column3888_ba4169-a4 > .kt-inside-inner-col > .aligncenter{width:100%;}.kadence-column3888_ba4169-a4 > .kt-inside-inner-col:before{opacity:0.3;}.kadence-column3888_ba4169-a4{position:relative;}@media all and (max-width: 1024px){.kadence-column3888_ba4169-a4 > .kt-inside-inner-col{flex-direction:column;justify-content:center;}}@media all and (max-width: 767px){.kadence-column3888_ba4169-a4 > .kt-inside-inner-col{flex-direction:column;justify-content:center;}}<\/style>\n<div class=\"wp-block-kadence-column kadence-column3888_ba4169-a4\"><div class=\"kt-inside-inner-col\"><\/div><\/div>\n\n<\/div><\/div>","protected":false},"excerpt":{"rendered":"<p>Retour D\u00e9ambulateur 4 roues Prunus D\u00e9ambulateur 4 roues Prunus &#8211; 159\u20ac (une prise en charge de 53,81\u20ac est possible avec une ordonnance)R\u00e9f\u00e9rence : 115717 Description du produit Dot\u00e9 d\u2019un design moderne en bleu saphir m\u00e9tallis\u00e9, le d\u00e9ambulateur \u00abPrunus\u00bb est l\u00e9ger gr\u00e2ce \u00e0 sa structure aluminium et tr\u00e9s maniable. Les nombreux r\u00e9glages en hauteur assurent une&#8230;<\/p>\n","protected":false},"author":1,"featured_media":0,"parent":0,"menu_order":0,"comment_status":"closed","ping_status":"closed","template":"","meta":{"content-type":"","_kad_post_transparent":"","_kad_post_title":"hide","_kad_post_layout":"","_kad_post_sidebar_id":"","_kad_post_content_style":"","_kad_post_vertical_padding":"","_kad_post_feature":"","_kad_post_feature_position":"","_kad_post_header":false,"_kad_post_footer":false,"footnotes":""},"class_list":["post-3888","page","type-page","status-publish","hentry"],"_links":{"self":[{"href":"https:\/\/bastideparis.fr\/ro49090-ovh\/index.php\/wp-json\/wp\/v2\/pages\/3888","targetHints":{"allow":["GET"]}}],"collection":[{"href":"https:\/\/bastideparis.fr\/ro49090-ovh\/index.php\/wp-json\/wp\/v2\/pages"}],"about":[{"href":"https:\/\/bastideparis.fr\/ro49090-ovh\/index.php\/wp-json\/wp\/v2\/types\/page"}],"author":[{"embeddable":true,"href":"https:\/\/bastideparis.fr\/ro49090-ovh\/index.php\/wp-json\/wp\/v2\/users\/1"}],"replies":[{"embeddable":true,"href":"https:\/\/bastideparis.fr\/ro49090-ovh\/index.php\/wp-json\/wp\/v2\/comments?post=3888"}],"version-history":[{"count":1,"href":"https:\/\/bastideparis.fr\/ro49090-ovh\/index.php\/wp-json\/wp\/v2\/pages\/3888\/revisions"}],"predecessor-version":[{"id":3889,"href":"https:\/\/bastideparis.fr\/ro49090-ovh\/index.php\/wp-json\/wp\/v2\/pages\/3888\/revisions\/3889"}],"wp:attachment":[{"href":"https:\/\/bastideparis.fr\/ro49090-ovh\/index.php\/wp-json\/wp\/v2\/media?parent=3888"}],"curies":[{"name":"wp","href":"https:\/\/api.w.org\/{rel}","templated":true}]}}