{"id":3904,"date":"2024-06-13T15:14:49","date_gmt":"2024-06-13T13:14:49","guid":{"rendered":"https:\/\/bastideparis.fr\/ro49090-ovh\/?page_id=3904"},"modified":"2024-06-13T15:14:50","modified_gmt":"2024-06-13T13:14:50","slug":"rollz-flex-2-classic","status":"publish","type":"page","link":"https:\/\/bastideparis.fr\/ro49090-ovh\/index.php\/rollz-flex-2-classic\/","title":{"rendered":"Rollz Flex 2 Classic"},"content":{"rendered":"\n<p><a href=\"https:\/\/bastideparis.fr\/ro49090-ovh\/index.php\/showroom-exterieur\/\">Retour<\/a><\/p>\n\n\n\n<p class=\"has-larger-font-size\">Rollz Flex 2 Classic<\/p>\n\n\n<style>.kb-row-layout-id3904_d00243-86 > .kt-row-column-wrap{align-content:start;}:where(.kb-row-layout-id3904_d00243-86 > .kt-row-column-wrap) > .wp-block-kadence-column{justify-content:start;}.kb-row-layout-id3904_d00243-86 > .kt-row-column-wrap{column-gap:var(--global-kb-gap-md, 2rem);row-gap:var(--global-kb-gap-md, 2rem);padding-top:var(--global-kb-spacing-sm, 1.5rem);padding-bottom:var(--global-kb-spacing-sm, 1.5rem);grid-template-columns:repeat(2, minmax(0, 1fr));}.kb-row-layout-id3904_d00243-86 > .kt-row-layout-overlay{opacity:0.30;}@media all and (max-width: 1024px){.kb-row-layout-id3904_d00243-86 > .kt-row-column-wrap{grid-template-columns:repeat(2, minmax(0, 1fr));}}@media all and (max-width: 767px){.kb-row-layout-id3904_d00243-86 > .kt-row-column-wrap{grid-template-columns:minmax(0, 1fr);}}<\/style><div class=\"kb-row-layout-wrap kb-row-layout-id3904_d00243-86 alignnone wp-block-kadence-rowlayout\"><div class=\"kt-row-column-wrap kt-has-2-columns kt-row-layout-equal kt-tab-layout-inherit kt-mobile-layout-row kt-row-valign-top\">\n<style>.kadence-column3904_8ebc56-1e > .kt-inside-inner-col,.kadence-column3904_8ebc56-1e > .kt-inside-inner-col:before{border-top-left-radius:0px;border-top-right-radius:0px;border-bottom-right-radius:0px;border-bottom-left-radius:0px;}.kadence-column3904_8ebc56-1e > .kt-inside-inner-col{column-gap:var(--global-kb-gap-sm, 1rem);}.kadence-column3904_8ebc56-1e > .kt-inside-inner-col{flex-direction:column;}.kadence-column3904_8ebc56-1e > .kt-inside-inner-col > .aligncenter{width:100%;}.kadence-column3904_8ebc56-1e > .kt-inside-inner-col:before{opacity:0.3;}.kadence-column3904_8ebc56-1e{position:relative;}@media all and (max-width: 1024px){.kadence-column3904_8ebc56-1e > .kt-inside-inner-col{flex-direction:column;justify-content:center;}}@media all and (max-width: 767px){.kadence-column3904_8ebc56-1e > .kt-inside-inner-col{flex-direction:column;justify-content:center;}}<\/style>\n<div class=\"wp-block-kadence-column kadence-column3904_8ebc56-1e\"><div class=\"kt-inside-inner-col\"><div class=\"wp-block-image\">\n<figure class=\"aligncenter size-full\"><img loading=\"lazy\" decoding=\"async\" width=\"360\" height=\"360\" src=\"https:\/\/bastideparis.fr\/ro49090-ovh\/wp-content\/uploads\/2024\/03\/ROLLZ-FLEX.webp\" alt=\"\" class=\"wp-image-2677\" srcset=\"https:\/\/bastideparis.fr\/ro49090-ovh\/wp-content\/uploads\/2024\/03\/ROLLZ-FLEX.webp 360w, https:\/\/bastideparis.fr\/ro49090-ovh\/wp-content\/uploads\/2024\/03\/ROLLZ-FLEX-300x300.webp 300w, https:\/\/bastideparis.fr\/ro49090-ovh\/wp-content\/uploads\/2024\/03\/ROLLZ-FLEX-150x150.webp 150w\" sizes=\"auto, (max-width: 360px) 100vw, 360px\" \/><\/figure>\n<\/div><\/div><\/div>\n\n\n<style>.kadence-column3904_63ce1a-69 > .kt-inside-inner-col,.kadence-column3904_63ce1a-69 > .kt-inside-inner-col:before{border-top-left-radius:0px;border-top-right-radius:0px;border-bottom-right-radius:0px;border-bottom-left-radius:0px;}.kadence-column3904_63ce1a-69 > .kt-inside-inner-col{column-gap:var(--global-kb-gap-sm, 1rem);}.kadence-column3904_63ce1a-69 > .kt-inside-inner-col{flex-direction:column;}.kadence-column3904_63ce1a-69 > .kt-inside-inner-col > .aligncenter{width:100%;}.kadence-column3904_63ce1a-69 > .kt-inside-inner-col:before{opacity:0.3;}.kadence-column3904_63ce1a-69{position:relative;}@media all and (max-width: 1024px){.kadence-column3904_63ce1a-69 > .kt-inside-inner-col{flex-direction:column;justify-content:center;}}@media all and (max-width: 767px){.kadence-column3904_63ce1a-69 > .kt-inside-inner-col{flex-direction:column;justify-content:center;}}<\/style>\n<div class=\"wp-block-kadence-column kadence-column3904_63ce1a-69\"><div class=\"kt-inside-inner-col\">\n<p><strong>Rollz Flex 2 Classic &#8211; 554\u20ac (une prise en charge de 53,81\u20ac est possible avec une ordonnance)<br>Coloris du ch\u00e2ssis: blanc, noir, vert ou violet<\/strong><\/p>\n\n\n\n<h3 class=\"wp-block-heading\">Caract\u00e9ristiques Techniques<\/h3>\n\n\n\n<ul class=\"wp-block-list\">\n<li>Poids: 6.9 kg, l\u00e9ger pour une manipulation ais\u00e9e<\/li>\n\n\n\n<li>Capacit\u00e9 de charge: Peut supporter jusqu&rsquo;\u00e0 125 kg sur l&rsquo;assise, offrant une robustesse adapt\u00e9e \u00e0 une large gamme d&rsquo;utilisateurs.<\/li>\n\n\n\n<li>Contenance du sac: 25 litres, id\u00e9al pour les courses quotidiennes.<\/li>\n\n\n\n<li>Charge Maximale du sac: 20 kg, vous permettant de transporter tout ce dont vous avez besoin sans souci.<\/li>\n\n\n\n<li>Dimensions: Largeur de 62 cm, offrant une stabilit\u00e9 accrue sans compromettre la maniabilit\u00e9.<\/li>\n<\/ul>\n\n\n\n<p>Le d\u00e9ambulateur Rollz Flex Mobio est un choix excellent pour ceux qui cherchent une solution de mobilit\u00e9 autonome et s\u00e9curis\u00e9e, offrant une combinaison parfaite de fonctionnalit\u00e9 et de confort. Que vous soyez en train de faire vos courses ou simplement de vous promener, le Rollz Flex Mobio est l&rsquo;outil id\u00e9al pour maintenir une vie active et ind\u00e9pendante.<\/p>\n<\/div><\/div>\n\n<\/div><\/div>","protected":false},"excerpt":{"rendered":"<p>Retour Rollz Flex 2 Classic Rollz Flex 2 Classic &#8211; 554\u20ac (une prise en charge de 53,81\u20ac est possible avec une ordonnance)Coloris du ch\u00e2ssis: blanc, noir, vert ou violet Caract\u00e9ristiques Techniques Le d\u00e9ambulateur Rollz Flex Mobio est un choix excellent pour ceux qui cherchent une solution de mobilit\u00e9 autonome et s\u00e9curis\u00e9e, offrant une combinaison parfaite&#8230;<\/p>\n","protected":false},"author":1,"featured_media":0,"parent":0,"menu_order":0,"comment_status":"closed","ping_status":"closed","template":"","meta":{"content-type":"","_kad_post_transparent":"","_kad_post_title":"hide","_kad_post_layout":"","_kad_post_sidebar_id":"","_kad_post_content_style":"","_kad_post_vertical_padding":"","_kad_post_feature":"","_kad_post_feature_position":"","_kad_post_header":false,"_kad_post_footer":false,"footnotes":""},"class_list":["post-3904","page","type-page","status-publish","hentry"],"_links":{"self":[{"href":"https:\/\/bastideparis.fr\/ro49090-ovh\/index.php\/wp-json\/wp\/v2\/pages\/3904","targetHints":{"allow":["GET"]}}],"collection":[{"href":"https:\/\/bastideparis.fr\/ro49090-ovh\/index.php\/wp-json\/wp\/v2\/pages"}],"about":[{"href":"https:\/\/bastideparis.fr\/ro49090-ovh\/index.php\/wp-json\/wp\/v2\/types\/page"}],"author":[{"embeddable":true,"href":"https:\/\/bastideparis.fr\/ro49090-ovh\/index.php\/wp-json\/wp\/v2\/users\/1"}],"replies":[{"embeddable":true,"href":"https:\/\/bastideparis.fr\/ro49090-ovh\/index.php\/wp-json\/wp\/v2\/comments?post=3904"}],"version-history":[{"count":1,"href":"https:\/\/bastideparis.fr\/ro49090-ovh\/index.php\/wp-json\/wp\/v2\/pages\/3904\/revisions"}],"predecessor-version":[{"id":3905,"href":"https:\/\/bastideparis.fr\/ro49090-ovh\/index.php\/wp-json\/wp\/v2\/pages\/3904\/revisions\/3905"}],"wp:attachment":[{"href":"https:\/\/bastideparis.fr\/ro49090-ovh\/index.php\/wp-json\/wp\/v2\/media?parent=3904"}],"curies":[{"name":"wp","href":"https:\/\/api.w.org\/{rel}","templated":true}]}}