{"id":4033,"date":"2024-06-20T11:38:50","date_gmt":"2024-06-20T09:38:50","guid":{"rendered":"https:\/\/bastideparis.fr\/ro49090-ovh\/?page_id=4033"},"modified":"2024-06-20T11:38:50","modified_gmt":"2024-06-20T09:38:50","slug":"siege-de-baignoire-ergo-bain","status":"publish","type":"page","link":"https:\/\/bastideparis.fr\/ro49090-ovh\/index.php\/siege-de-baignoire-ergo-bain\/","title":{"rendered":"Si\u00e8ge de baignoire Ergo Bain"},"content":{"rendered":"\n<p><a href=\"https:\/\/bastideparis.fr\/ro49090-ovh\/index.php\/showroom-virtuel\/salle-de-bains\/\">Retour<\/a><\/p>\n\n\n\n<p class=\"has-larger-font-size\">Si\u00e8ge de baignoire Ergo Bain<\/p>\n\n\n<style>.kb-row-layout-id4033_16cb80-aa > .kt-row-column-wrap{align-content:start;}:where(.kb-row-layout-id4033_16cb80-aa > .kt-row-column-wrap) > .wp-block-kadence-column{justify-content:start;}.kb-row-layout-id4033_16cb80-aa > .kt-row-column-wrap{column-gap:var(--global-kb-gap-md, 2rem);row-gap:var(--global-kb-gap-md, 2rem);padding-top:var(--global-kb-spacing-sm, 1.5rem);padding-bottom:var(--global-kb-spacing-sm, 1.5rem);grid-template-columns:repeat(2, minmax(0, 1fr));}.kb-row-layout-id4033_16cb80-aa > .kt-row-layout-overlay{opacity:0.30;}@media all and (max-width: 1024px){.kb-row-layout-id4033_16cb80-aa > .kt-row-column-wrap{grid-template-columns:repeat(2, minmax(0, 1fr));}}@media all and (max-width: 767px){.kb-row-layout-id4033_16cb80-aa > .kt-row-column-wrap{grid-template-columns:minmax(0, 1fr);}}<\/style><div class=\"kb-row-layout-wrap kb-row-layout-id4033_16cb80-aa alignnone wp-block-kadence-rowlayout\"><div class=\"kt-row-column-wrap kt-has-2-columns kt-row-layout-equal kt-tab-layout-inherit kt-mobile-layout-row kt-row-valign-top\">\n<style>.kadence-column4033_31f822-d9 > .kt-inside-inner-col,.kadence-column4033_31f822-d9 > .kt-inside-inner-col:before{border-top-left-radius:0px;border-top-right-radius:0px;border-bottom-right-radius:0px;border-bottom-left-radius:0px;}.kadence-column4033_31f822-d9 > .kt-inside-inner-col{column-gap:var(--global-kb-gap-sm, 1rem);}.kadence-column4033_31f822-d9 > .kt-inside-inner-col{flex-direction:column;}.kadence-column4033_31f822-d9 > .kt-inside-inner-col > .aligncenter{width:100%;}.kadence-column4033_31f822-d9 > .kt-inside-inner-col:before{opacity:0.3;}.kadence-column4033_31f822-d9{position:relative;}@media all and (max-width: 1024px){.kadence-column4033_31f822-d9 > .kt-inside-inner-col{flex-direction:column;justify-content:center;}}@media all and (max-width: 767px){.kadence-column4033_31f822-d9 > .kt-inside-inner-col{flex-direction:column;justify-content:center;}}<\/style>\n<div class=\"wp-block-kadence-column kadence-column4033_31f822-d9\"><div class=\"kt-inside-inner-col\"><div class=\"wp-block-image\">\n<figure class=\"aligncenter size-full\"><img loading=\"lazy\" decoding=\"async\" width=\"360\" height=\"360\" src=\"https:\/\/bastideparis.fr\/ro49090-ovh\/wp-content\/uploads\/2024\/02\/ergo-bain-2.webp\" alt=\"\" class=\"wp-image-2182\" srcset=\"https:\/\/bastideparis.fr\/ro49090-ovh\/wp-content\/uploads\/2024\/02\/ergo-bain-2.webp 360w, https:\/\/bastideparis.fr\/ro49090-ovh\/wp-content\/uploads\/2024\/02\/ergo-bain-2-300x300.webp 300w, https:\/\/bastideparis.fr\/ro49090-ovh\/wp-content\/uploads\/2024\/02\/ergo-bain-2-150x150.webp 150w\" sizes=\"auto, (max-width: 360px) 100vw, 360px\" \/><\/figure>\n<\/div><\/div><\/div>\n\n\n<style>.kadence-column4033_ef901b-9c > .kt-inside-inner-col,.kadence-column4033_ef901b-9c > .kt-inside-inner-col:before{border-top-left-radius:0px;border-top-right-radius:0px;border-bottom-right-radius:0px;border-bottom-left-radius:0px;}.kadence-column4033_ef901b-9c > .kt-inside-inner-col{column-gap:var(--global-kb-gap-sm, 1rem);}.kadence-column4033_ef901b-9c > .kt-inside-inner-col{flex-direction:column;}.kadence-column4033_ef901b-9c > .kt-inside-inner-col > .aligncenter{width:100%;}.kadence-column4033_ef901b-9c > .kt-inside-inner-col:before{opacity:0.3;}.kadence-column4033_ef901b-9c{position:relative;}@media all and (max-width: 1024px){.kadence-column4033_ef901b-9c > .kt-inside-inner-col{flex-direction:column;justify-content:center;}}@media all and (max-width: 767px){.kadence-column4033_ef901b-9c > .kt-inside-inner-col{flex-direction:column;justify-content:center;}}<\/style>\n<div class=\"wp-block-kadence-column kadence-column4033_ef901b-9c\"><div class=\"kt-inside-inner-col\">\n<p><strong>Si\u00e8ge de baignoire Ergo Bain &#8211; 299\u20ac<br>R\u00e9f\u00e9rence : 113347<\/strong><\/p>\n\n\n\n<h2 class=\"wp-block-heading\">Description du produit<\/h2>\n\n\n\n<p>Ce si\u00e8ge de bain est innovant car il combine un\u00a0<strong>marchepied\u00a0<\/strong>pour vous aider \u00e0 vous asseoir, un\u00a0<strong>si\u00e8ge pivotant<\/strong>\u00a0pour vous installer facilement dans votre baignoire et des\u00a0<strong>accoudoirs\u00a0<\/strong>relevables pour plus de s\u00e9curit\u00e9.<\/p>\n\n\n\n<p><em>*ce produit ne peut pas b\u00e9n\u00e9ficier d&rsquo;une prise en charge par l&rsquo;assurance maladie<\/em><\/p>\n<\/div><\/div>\n\n<\/div><\/div>\n\n<style>.kb-row-layout-id4033_ef6cc6-7a > .kt-row-column-wrap{align-content:start;}:where(.kb-row-layout-id4033_ef6cc6-7a > .kt-row-column-wrap) > .wp-block-kadence-column{justify-content:start;}.kb-row-layout-id4033_ef6cc6-7a > .kt-row-column-wrap{column-gap:var(--global-kb-gap-md, 2rem);row-gap:var(--global-kb-gap-md, 2rem);padding-top:var(--global-kb-spacing-sm, 1.5rem);padding-bottom:var(--global-kb-spacing-sm, 1.5rem);grid-template-columns:repeat(2, minmax(0, 1fr));}.kb-row-layout-id4033_ef6cc6-7a > .kt-row-layout-overlay{opacity:0.30;}@media all and (max-width: 1024px){.kb-row-layout-id4033_ef6cc6-7a > .kt-row-column-wrap{grid-template-columns:repeat(2, minmax(0, 1fr));}}@media all and (max-width: 767px){.kb-row-layout-id4033_ef6cc6-7a > .kt-row-column-wrap{grid-template-columns:minmax(0, 1fr);}}<\/style><div class=\"kb-row-layout-wrap kb-row-layout-id4033_ef6cc6-7a alignnone wp-block-kadence-rowlayout\"><div class=\"kt-row-column-wrap kt-has-2-columns kt-row-layout-equal kt-tab-layout-inherit kt-mobile-layout-row kt-row-valign-top\">\n<style>.kadence-column4033_091bfd-30 > .kt-inside-inner-col,.kadence-column4033_091bfd-30 > .kt-inside-inner-col:before{border-top-left-radius:0px;border-top-right-radius:0px;border-bottom-right-radius:0px;border-bottom-left-radius:0px;}.kadence-column4033_091bfd-30 > .kt-inside-inner-col{column-gap:var(--global-kb-gap-sm, 1rem);}.kadence-column4033_091bfd-30 > .kt-inside-inner-col{flex-direction:column;}.kadence-column4033_091bfd-30 > .kt-inside-inner-col > .aligncenter{width:100%;}.kadence-column4033_091bfd-30 > .kt-inside-inner-col:before{opacity:0.3;}.kadence-column4033_091bfd-30{position:relative;}@media all and (max-width: 1024px){.kadence-column4033_091bfd-30 > .kt-inside-inner-col{flex-direction:column;justify-content:center;}}@media all and (max-width: 767px){.kadence-column4033_091bfd-30 > .kt-inside-inner-col{flex-direction:column;justify-content:center;}}<\/style>\n<div class=\"wp-block-kadence-column kadence-column4033_091bfd-30\"><div class=\"kt-inside-inner-col\">\n<h2 class=\"wp-block-heading\">Caract\u00e9ristiques du si\u00e8ge pivotant Ergo Bain \u00e9co<\/h2>\n\n\n\n<ul class=\"wp-block-list\">\n<li>Largeur d\u2019assise&nbsp;: 49 cm<\/li>\n\n\n\n<li>Hauteur du dossier&nbsp;: 40 cm<\/li>\n\n\n\n<li>Largeur de positionnement du si\u00e8ge sur la baignoire&nbsp;: de 46 \u00e0 69 cm<\/li>\n\n\n\n<li>Hauteur du marchepied&nbsp;: de 48 \u00e0 65 cm<\/li>\n\n\n\n<li>Poids maximum de l\u2019utilisateur&nbsp;: 130 kg<\/li>\n\n\n\n<li>Poids du si\u00e8ge de bain&nbsp;: 12 kg<\/li>\n\n\n\n<li>Aucun outil n\u2019est n\u00e9cessaire pour installer le si\u00e8ge de bain.<\/li>\n<\/ul>\n<\/div><\/div>\n\n\n<style>.kadence-column4033_f73df8-e7 > .kt-inside-inner-col,.kadence-column4033_f73df8-e7 > .kt-inside-inner-col:before{border-top-left-radius:0px;border-top-right-radius:0px;border-bottom-right-radius:0px;border-bottom-left-radius:0px;}.kadence-column4033_f73df8-e7 > .kt-inside-inner-col{column-gap:var(--global-kb-gap-sm, 1rem);}.kadence-column4033_f73df8-e7 > .kt-inside-inner-col{flex-direction:column;}.kadence-column4033_f73df8-e7 > .kt-inside-inner-col > .aligncenter{width:100%;}.kadence-column4033_f73df8-e7 > .kt-inside-inner-col:before{opacity:0.3;}.kadence-column4033_f73df8-e7{position:relative;}@media all and (max-width: 1024px){.kadence-column4033_f73df8-e7 > .kt-inside-inner-col{flex-direction:column;justify-content:center;}}@media all and (max-width: 767px){.kadence-column4033_f73df8-e7 > .kt-inside-inner-col{flex-direction:column;justify-content:center;}}<\/style>\n<div class=\"wp-block-kadence-column kadence-column4033_f73df8-e7\"><div class=\"kt-inside-inner-col\">\n<h2 class=\"wp-block-heading\">Utilisation du si\u00e8ge de bain pivotant Ergo Eco<\/h2>\n\n\n\n<ol class=\"wp-block-list\">\n<li>Levez le levier de verrouillage de l\u2019assise et tourner le si\u00e8ge pour qu\u2019il soit perpendiculaire \u00e0 la baignoire<\/li>\n\n\n\n<li>Asseyez-vous sur le si\u00e8ge<\/li>\n\n\n\n<li>D\u00e9verrouillez le si\u00e8ge en d\u00e9bloquant le levier.<\/li>\n\n\n\n<li>Faites pivoter le si\u00e8ge et relevez vos jambes une apr\u00e8s l\u2019autre.<\/li>\n\n\n\n<li>Verrouillez votre position en baissant le levier<\/li>\n<\/ol>\n<\/div><\/div>\n\n<\/div><\/div>","protected":false},"excerpt":{"rendered":"<p>Retour Si\u00e8ge de baignoire Ergo Bain Si\u00e8ge de baignoire Ergo Bain &#8211; 299\u20acR\u00e9f\u00e9rence : 113347 Description du produit Ce si\u00e8ge de bain est innovant car il combine un\u00a0marchepied\u00a0pour vous aider \u00e0 vous asseoir, un\u00a0si\u00e8ge pivotant\u00a0pour vous installer facilement dans votre baignoire et des\u00a0accoudoirs\u00a0relevables pour plus de s\u00e9curit\u00e9. *ce produit ne peut pas b\u00e9n\u00e9ficier d&rsquo;une prise&#8230;<\/p>\n","protected":false},"author":1,"featured_media":0,"parent":0,"menu_order":0,"comment_status":"closed","ping_status":"closed","template":"","meta":{"content-type":"","_kad_post_transparent":"","_kad_post_title":"hide","_kad_post_layout":"","_kad_post_sidebar_id":"","_kad_post_content_style":"","_kad_post_vertical_padding":"","_kad_post_feature":"","_kad_post_feature_position":"","_kad_post_header":false,"_kad_post_footer":false,"footnotes":""},"class_list":["post-4033","page","type-page","status-publish","hentry"],"_links":{"self":[{"href":"https:\/\/bastideparis.fr\/ro49090-ovh\/index.php\/wp-json\/wp\/v2\/pages\/4033","targetHints":{"allow":["GET"]}}],"collection":[{"href":"https:\/\/bastideparis.fr\/ro49090-ovh\/index.php\/wp-json\/wp\/v2\/pages"}],"about":[{"href":"https:\/\/bastideparis.fr\/ro49090-ovh\/index.php\/wp-json\/wp\/v2\/types\/page"}],"author":[{"embeddable":true,"href":"https:\/\/bastideparis.fr\/ro49090-ovh\/index.php\/wp-json\/wp\/v2\/users\/1"}],"replies":[{"embeddable":true,"href":"https:\/\/bastideparis.fr\/ro49090-ovh\/index.php\/wp-json\/wp\/v2\/comments?post=4033"}],"version-history":[{"count":1,"href":"https:\/\/bastideparis.fr\/ro49090-ovh\/index.php\/wp-json\/wp\/v2\/pages\/4033\/revisions"}],"predecessor-version":[{"id":4034,"href":"https:\/\/bastideparis.fr\/ro49090-ovh\/index.php\/wp-json\/wp\/v2\/pages\/4033\/revisions\/4034"}],"wp:attachment":[{"href":"https:\/\/bastideparis.fr\/ro49090-ovh\/index.php\/wp-json\/wp\/v2\/media?parent=4033"}],"curies":[{"name":"wp","href":"https:\/\/api.w.org\/{rel}","templated":true}]}}