{"id":4046,"date":"2024-06-20T12:07:37","date_gmt":"2024-06-20T10:07:37","guid":{"rendered":"https:\/\/bastideparis.fr\/ro49090-ovh\/?page_id=4046"},"modified":"2024-06-20T12:07:38","modified_gmt":"2024-06-20T10:07:38","slug":"planche-de-bain-bariatrique-benny-xl","status":"publish","type":"page","link":"https:\/\/bastideparis.fr\/ro49090-ovh\/index.php\/planche-de-bain-bariatrique-benny-xl\/","title":{"rendered":"Planche de bain bariatrique Benny XL"},"content":{"rendered":"\n<p><a href=\"https:\/\/bastideparis.fr\/ro49090-ovh\/index.php\/showroom-virtuel\/salle-de-bains\/\">Retour<\/a><\/p>\n\n\n\n<p class=\"has-larger-font-size\">Planche de bain bariatrique Benny XL<\/p>\n\n\n<style>.kb-row-layout-id4046_fd75d7-8d > .kt-row-column-wrap{align-content:start;}:where(.kb-row-layout-id4046_fd75d7-8d > .kt-row-column-wrap) > .wp-block-kadence-column{justify-content:start;}.kb-row-layout-id4046_fd75d7-8d > .kt-row-column-wrap{column-gap:var(--global-kb-gap-md, 2rem);row-gap:var(--global-kb-gap-md, 2rem);padding-top:var(--global-kb-spacing-sm, 1.5rem);padding-bottom:var(--global-kb-spacing-sm, 1.5rem);grid-template-columns:repeat(2, minmax(0, 1fr));}.kb-row-layout-id4046_fd75d7-8d > .kt-row-layout-overlay{opacity:0.30;}@media all and (max-width: 1024px){.kb-row-layout-id4046_fd75d7-8d > .kt-row-column-wrap{grid-template-columns:repeat(2, minmax(0, 1fr));}}@media all and (max-width: 767px){.kb-row-layout-id4046_fd75d7-8d > .kt-row-column-wrap{grid-template-columns:minmax(0, 1fr);}}<\/style><div class=\"kb-row-layout-wrap kb-row-layout-id4046_fd75d7-8d alignnone wp-block-kadence-rowlayout\"><div class=\"kt-row-column-wrap kt-has-2-columns kt-row-layout-equal kt-tab-layout-inherit kt-mobile-layout-row kt-row-valign-top\">\n<style>.kadence-column4046_f007ee-d4 > .kt-inside-inner-col,.kadence-column4046_f007ee-d4 > .kt-inside-inner-col:before{border-top-left-radius:0px;border-top-right-radius:0px;border-bottom-right-radius:0px;border-bottom-left-radius:0px;}.kadence-column4046_f007ee-d4 > .kt-inside-inner-col{column-gap:var(--global-kb-gap-sm, 1rem);}.kadence-column4046_f007ee-d4 > .kt-inside-inner-col{flex-direction:column;}.kadence-column4046_f007ee-d4 > .kt-inside-inner-col > .aligncenter{width:100%;}.kadence-column4046_f007ee-d4 > .kt-inside-inner-col:before{opacity:0.3;}.kadence-column4046_f007ee-d4{position:relative;}@media all and (max-width: 1024px){.kadence-column4046_f007ee-d4 > .kt-inside-inner-col{flex-direction:column;justify-content:center;}}@media all and (max-width: 767px){.kadence-column4046_f007ee-d4 > .kt-inside-inner-col{flex-direction:column;justify-content:center;}}<\/style>\n<div class=\"wp-block-kadence-column kadence-column4046_f007ee-d4\"><div class=\"kt-inside-inner-col\"><div class=\"wp-block-image\">\n<figure class=\"aligncenter size-full\"><img loading=\"lazy\" decoding=\"async\" width=\"360\" height=\"360\" src=\"https:\/\/bastideparis.fr\/ro49090-ovh\/wp-content\/uploads\/2024\/02\/planche-benny.webp\" alt=\"\" class=\"wp-image-2185\" srcset=\"https:\/\/bastideparis.fr\/ro49090-ovh\/wp-content\/uploads\/2024\/02\/planche-benny.webp 360w, https:\/\/bastideparis.fr\/ro49090-ovh\/wp-content\/uploads\/2024\/02\/planche-benny-300x300.webp 300w, https:\/\/bastideparis.fr\/ro49090-ovh\/wp-content\/uploads\/2024\/02\/planche-benny-150x150.webp 150w\" sizes=\"auto, (max-width: 360px) 100vw, 360px\" \/><\/figure>\n<\/div><\/div><\/div>\n\n\n<style>.kadence-column4046_e0a922-e1 > .kt-inside-inner-col,.kadence-column4046_e0a922-e1 > .kt-inside-inner-col:before{border-top-left-radius:0px;border-top-right-radius:0px;border-bottom-right-radius:0px;border-bottom-left-radius:0px;}.kadence-column4046_e0a922-e1 > .kt-inside-inner-col{column-gap:var(--global-kb-gap-sm, 1rem);}.kadence-column4046_e0a922-e1 > .kt-inside-inner-col{flex-direction:column;}.kadence-column4046_e0a922-e1 > .kt-inside-inner-col > .aligncenter{width:100%;}.kadence-column4046_e0a922-e1 > .kt-inside-inner-col:before{opacity:0.3;}.kadence-column4046_e0a922-e1{position:relative;}@media all and (max-width: 1024px){.kadence-column4046_e0a922-e1 > .kt-inside-inner-col{flex-direction:column;justify-content:center;}}@media all and (max-width: 767px){.kadence-column4046_e0a922-e1 > .kt-inside-inner-col{flex-direction:column;justify-content:center;}}<\/style>\n<div class=\"wp-block-kadence-column kadence-column4046_e0a922-e1\"><div class=\"kt-inside-inner-col\">\n<p><strong>Planche de bain bariatrique Benny XL &#8211; 34,90\u20ac<br>R\u00e9f\u00e9rence : 111730<\/strong><\/p>\n\n\n\n<h2 class=\"wp-block-heading\">Description du produit<\/h2>\n\n\n\n<p>Con\u00e7ue le confort et de stabilit\u00e9 des personnes \u00e0 forte corpulence, la\u00a0<strong>planche de bain Benny XL\u00a0<\/strong><em>Dupont M\u00e9dical<\/em>\u00a0supporte un poids maximal de 210 kg. Sa forme anatomique s\u2019adapte aux diff\u00e9rentes formes de baignoires. Son\u00a0<strong>rev\u00eatement antid\u00e9rapant<\/strong>\u00a0permet de s\u00e9curiser l\u2019acc\u00e8s \u00e0 la baignoire et les perforations facilitent l\u2019\u00e9coulement de l\u2019eau de la planche de bain.<\/p>\n\n\n\n<p><em>*ce produit ne peut pas b\u00e9n\u00e9ficier d&rsquo;une prise en charge par l&rsquo;assurance maladie.<\/em><\/p>\n<\/div><\/div>\n\n<\/div><\/div>\n\n<style>.kb-row-layout-id4046_46384e-5e > .kt-row-column-wrap{align-content:start;}:where(.kb-row-layout-id4046_46384e-5e > .kt-row-column-wrap) > .wp-block-kadence-column{justify-content:start;}.kb-row-layout-id4046_46384e-5e > .kt-row-column-wrap{column-gap:var(--global-kb-gap-md, 2rem);row-gap:var(--global-kb-gap-md, 2rem);padding-top:var(--global-kb-spacing-sm, 1.5rem);padding-bottom:var(--global-kb-spacing-sm, 1.5rem);grid-template-columns:repeat(2, minmax(0, 1fr));}.kb-row-layout-id4046_46384e-5e > .kt-row-layout-overlay{opacity:0.30;}@media all and (max-width: 1024px){.kb-row-layout-id4046_46384e-5e > .kt-row-column-wrap{grid-template-columns:repeat(2, minmax(0, 1fr));}}@media all and (max-width: 767px){.kb-row-layout-id4046_46384e-5e > .kt-row-column-wrap{grid-template-columns:minmax(0, 1fr);}}<\/style><div class=\"kb-row-layout-wrap kb-row-layout-id4046_46384e-5e alignnone wp-block-kadence-rowlayout\"><div class=\"kt-row-column-wrap kt-has-2-columns kt-row-layout-equal kt-tab-layout-inherit kt-mobile-layout-row kt-row-valign-top\">\n<style>.kadence-column4046_969e4e-60 > .kt-inside-inner-col,.kadence-column4046_969e4e-60 > .kt-inside-inner-col:before{border-top-left-radius:0px;border-top-right-radius:0px;border-bottom-right-radius:0px;border-bottom-left-radius:0px;}.kadence-column4046_969e4e-60 > .kt-inside-inner-col{column-gap:var(--global-kb-gap-sm, 1rem);}.kadence-column4046_969e4e-60 > .kt-inside-inner-col{flex-direction:column;}.kadence-column4046_969e4e-60 > .kt-inside-inner-col > .aligncenter{width:100%;}.kadence-column4046_969e4e-60 > .kt-inside-inner-col:before{opacity:0.3;}.kadence-column4046_969e4e-60{position:relative;}@media all and (max-width: 1024px){.kadence-column4046_969e4e-60 > .kt-inside-inner-col{flex-direction:column;justify-content:center;}}@media all and (max-width: 767px){.kadence-column4046_969e4e-60 > .kt-inside-inner-col{flex-direction:column;justify-content:center;}}<\/style>\n<div class=\"wp-block-kadence-column kadence-column4046_969e4e-60\"><div class=\"kt-inside-inner-col\">\n<h2 class=\"wp-block-heading\">UNE PLANCHE DE BAIN XL TRES RESISTANTE<\/h2>\n\n\n\n<p>Avec son assise ergonomique et sa d\u00e9coupe sym\u00e9trique, la\u00a0<strong>planche de bain Benny XL\u00a0<\/strong>s\u2019adapte aux diff\u00e9rentes formes de baignoires. Positionnez la planche et fixez-l\u00e0 \u00e0 l\u2019aide des pattes de fixation r\u00e9glables. Une fois son utilisation termin\u00e9e d\u00e9placez l\u00e0 ais\u00e9ment \u00e0 l\u2019aide de sa poign\u00e9e anatomique.<\/p>\n\n\n\n<p>Les rebords de la baignoire doivent mesurer au minimum 5 centim\u00e8tres de large pour pouvoir placer la planche dessus en toute s\u00e9curit\u00e9.<\/p>\n<\/div><\/div>\n\n\n<style>.kadence-column4046_ce0301-85 > .kt-inside-inner-col,.kadence-column4046_ce0301-85 > .kt-inside-inner-col:before{border-top-left-radius:0px;border-top-right-radius:0px;border-bottom-right-radius:0px;border-bottom-left-radius:0px;}.kadence-column4046_ce0301-85 > .kt-inside-inner-col{column-gap:var(--global-kb-gap-sm, 1rem);}.kadence-column4046_ce0301-85 > .kt-inside-inner-col{flex-direction:column;}.kadence-column4046_ce0301-85 > .kt-inside-inner-col > .aligncenter{width:100%;}.kadence-column4046_ce0301-85 > .kt-inside-inner-col:before{opacity:0.3;}.kadence-column4046_ce0301-85{position:relative;}@media all and (max-width: 1024px){.kadence-column4046_ce0301-85 > .kt-inside-inner-col{flex-direction:column;justify-content:center;}}@media all and (max-width: 767px){.kadence-column4046_ce0301-85 > .kt-inside-inner-col{flex-direction:column;justify-content:center;}}<\/style>\n<div class=\"wp-block-kadence-column kadence-column4046_ce0301-85\"><div class=\"kt-inside-inner-col\">\n<h2 class=\"wp-block-heading\">CARACT\u00c9RISTIQUES TECHNIQUES DE LA PLANCHE DE BAIN XL BENNY<\/h2>\n\n\n\n<ul class=\"wp-block-list\">\n<li>Longueur\u00a0: 74,5 cm<\/li>\n\n\n\n<li>Largeur\u00a0: 35 cm<\/li>\n\n\n\n<li>Largeur de baignoire compatible\u00a0: 43 \u00e0 68 cm<\/li>\n\n\n\n<li>Bande antid\u00e9rapante<\/li>\n\n\n\n<li>Ecoulement rapide de l\u2019eau<\/li>\n\n\n\n<li>Poids maximal : 210 kg<\/li>\n<\/ul>\n<\/div><\/div>\n\n<\/div><\/div>","protected":false},"excerpt":{"rendered":"<p>Retour Planche de bain bariatrique Benny XL Planche de bain bariatrique Benny XL &#8211; 34,90\u20acR\u00e9f\u00e9rence : 111730 Description du produit Con\u00e7ue le confort et de stabilit\u00e9 des personnes \u00e0 forte corpulence, la\u00a0planche de bain Benny XL\u00a0Dupont M\u00e9dical\u00a0supporte un poids maximal de 210 kg. Sa forme anatomique s\u2019adapte aux diff\u00e9rentes formes de baignoires. Son\u00a0rev\u00eatement antid\u00e9rapant\u00a0permet de&#8230;<\/p>\n","protected":false},"author":1,"featured_media":0,"parent":0,"menu_order":0,"comment_status":"closed","ping_status":"closed","template":"","meta":{"content-type":"","_kad_post_transparent":"","_kad_post_title":"hide","_kad_post_layout":"","_kad_post_sidebar_id":"","_kad_post_content_style":"","_kad_post_vertical_padding":"","_kad_post_feature":"","_kad_post_feature_position":"","_kad_post_header":false,"_kad_post_footer":false,"footnotes":""},"class_list":["post-4046","page","type-page","status-publish","hentry"],"_links":{"self":[{"href":"https:\/\/bastideparis.fr\/ro49090-ovh\/index.php\/wp-json\/wp\/v2\/pages\/4046","targetHints":{"allow":["GET"]}}],"collection":[{"href":"https:\/\/bastideparis.fr\/ro49090-ovh\/index.php\/wp-json\/wp\/v2\/pages"}],"about":[{"href":"https:\/\/bastideparis.fr\/ro49090-ovh\/index.php\/wp-json\/wp\/v2\/types\/page"}],"author":[{"embeddable":true,"href":"https:\/\/bastideparis.fr\/ro49090-ovh\/index.php\/wp-json\/wp\/v2\/users\/1"}],"replies":[{"embeddable":true,"href":"https:\/\/bastideparis.fr\/ro49090-ovh\/index.php\/wp-json\/wp\/v2\/comments?post=4046"}],"version-history":[{"count":1,"href":"https:\/\/bastideparis.fr\/ro49090-ovh\/index.php\/wp-json\/wp\/v2\/pages\/4046\/revisions"}],"predecessor-version":[{"id":4047,"href":"https:\/\/bastideparis.fr\/ro49090-ovh\/index.php\/wp-json\/wp\/v2\/pages\/4046\/revisions\/4047"}],"wp:attachment":[{"href":"https:\/\/bastideparis.fr\/ro49090-ovh\/index.php\/wp-json\/wp\/v2\/media?parent=4046"}],"curies":[{"name":"wp","href":"https:\/\/api.w.org\/{rel}","templated":true}]}}