{"id":4066,"date":"2024-06-20T12:28:31","date_gmt":"2024-06-20T10:28:31","guid":{"rendered":"https:\/\/bastideparis.fr\/ro49090-ovh\/?page_id=4066"},"modified":"2024-06-20T12:28:32","modified_gmt":"2024-06-20T10:28:32","slug":"marche-de-baignoire-empilable-petunia","status":"publish","type":"page","link":"https:\/\/bastideparis.fr\/ro49090-ovh\/index.php\/marche-de-baignoire-empilable-petunia\/","title":{"rendered":"Marche de baignoire empilable Petunia"},"content":{"rendered":"\n<p><a href=\"https:\/\/bastideparis.fr\/ro49090-ovh\/index.php\/showroom-virtuel\/salle-de-bains\/\">Retour<\/a><\/p>\n\n\n\n<p class=\"has-larger-font-size\">Marche de baignoire empilable Petunia<\/p>\n\n\n<style>.kb-row-layout-id4066_7b05ac-fa > .kt-row-column-wrap{align-content:start;}:where(.kb-row-layout-id4066_7b05ac-fa > .kt-row-column-wrap) > .wp-block-kadence-column{justify-content:start;}.kb-row-layout-id4066_7b05ac-fa > .kt-row-column-wrap{column-gap:var(--global-kb-gap-md, 2rem);row-gap:var(--global-kb-gap-md, 2rem);padding-top:var(--global-kb-spacing-sm, 1.5rem);padding-bottom:var(--global-kb-spacing-sm, 1.5rem);grid-template-columns:repeat(2, minmax(0, 1fr));}.kb-row-layout-id4066_7b05ac-fa > .kt-row-layout-overlay{opacity:0.30;}@media all and (max-width: 1024px){.kb-row-layout-id4066_7b05ac-fa > .kt-row-column-wrap{grid-template-columns:repeat(2, minmax(0, 1fr));}}@media all and (max-width: 767px){.kb-row-layout-id4066_7b05ac-fa > .kt-row-column-wrap{grid-template-columns:minmax(0, 1fr);}}<\/style><div class=\"kb-row-layout-wrap kb-row-layout-id4066_7b05ac-fa alignnone wp-block-kadence-rowlayout\"><div class=\"kt-row-column-wrap kt-has-2-columns kt-row-layout-equal kt-tab-layout-inherit kt-mobile-layout-row kt-row-valign-top\">\n<style>.kadence-column4066_2aa588-11 > .kt-inside-inner-col,.kadence-column4066_2aa588-11 > .kt-inside-inner-col:before{border-top-left-radius:0px;border-top-right-radius:0px;border-bottom-right-radius:0px;border-bottom-left-radius:0px;}.kadence-column4066_2aa588-11 > .kt-inside-inner-col{column-gap:var(--global-kb-gap-sm, 1rem);}.kadence-column4066_2aa588-11 > .kt-inside-inner-col{flex-direction:column;}.kadence-column4066_2aa588-11 > .kt-inside-inner-col > .aligncenter{width:100%;}.kadence-column4066_2aa588-11 > .kt-inside-inner-col:before{opacity:0.3;}.kadence-column4066_2aa588-11{position:relative;}@media all and (max-width: 1024px){.kadence-column4066_2aa588-11 > .kt-inside-inner-col{flex-direction:column;justify-content:center;}}@media all and (max-width: 767px){.kadence-column4066_2aa588-11 > .kt-inside-inner-col{flex-direction:column;justify-content:center;}}<\/style>\n<div class=\"wp-block-kadence-column kadence-column4066_2aa588-11\"><div class=\"kt-inside-inner-col\"><div class=\"wp-block-image\">\n<figure class=\"aligncenter size-full\"><img loading=\"lazy\" decoding=\"async\" width=\"360\" height=\"360\" src=\"https:\/\/bastideparis.fr\/ro49090-ovh\/wp-content\/uploads\/2024\/02\/marche-de-baignoire-empilable.webp\" alt=\"\" class=\"wp-image-2194\" srcset=\"https:\/\/bastideparis.fr\/ro49090-ovh\/wp-content\/uploads\/2024\/02\/marche-de-baignoire-empilable.webp 360w, https:\/\/bastideparis.fr\/ro49090-ovh\/wp-content\/uploads\/2024\/02\/marche-de-baignoire-empilable-300x300.webp 300w, https:\/\/bastideparis.fr\/ro49090-ovh\/wp-content\/uploads\/2024\/02\/marche-de-baignoire-empilable-150x150.webp 150w\" sizes=\"auto, (max-width: 360px) 100vw, 360px\" \/><\/figure>\n<\/div><\/div><\/div>\n\n\n<style>.kadence-column4066_9d210e-7e > .kt-inside-inner-col,.kadence-column4066_9d210e-7e > .kt-inside-inner-col:before{border-top-left-radius:0px;border-top-right-radius:0px;border-bottom-right-radius:0px;border-bottom-left-radius:0px;}.kadence-column4066_9d210e-7e > .kt-inside-inner-col{column-gap:var(--global-kb-gap-sm, 1rem);}.kadence-column4066_9d210e-7e > .kt-inside-inner-col{flex-direction:column;}.kadence-column4066_9d210e-7e > .kt-inside-inner-col > .aligncenter{width:100%;}.kadence-column4066_9d210e-7e > .kt-inside-inner-col:before{opacity:0.3;}.kadence-column4066_9d210e-7e{position:relative;}@media all and (max-width: 1024px){.kadence-column4066_9d210e-7e > .kt-inside-inner-col{flex-direction:column;justify-content:center;}}@media all and (max-width: 767px){.kadence-column4066_9d210e-7e > .kt-inside-inner-col{flex-direction:column;justify-content:center;}}<\/style>\n<div class=\"wp-block-kadence-column kadence-column4066_9d210e-7e\"><div class=\"kt-inside-inner-col\">\n<p><strong>Marche de baignoire empilable Petunia &#8211; 25,90\u20ac<br>R\u00e9f\u00e9rence : 115722<\/strong><\/p>\n\n\n\n<h2 class=\"wp-block-heading\">Description du produit<\/h2>\n\n\n\n<p>La&nbsp;<strong>marche de baignoire P\u00e9tunia<\/strong>, l\u00e9g\u00e8re et s\u00e9curisante gr\u00e2ce \u00e0 son rev\u00eatement antid\u00e9rapant, facilite l&rsquo;acc\u00e8s \u00e0 votre douche ou baignoire. Son design empilable vous permet d&rsquo;ajuster la hauteur selon vos besoins en embo\u00eetant simplement une marche sur une autre. En ajoutant une marche suppl\u00e9mentaire, vous gagnez 5 cm de hauteur en toute s\u00e9curit\u00e9. Une solution pratique pour rendre votre salle de bain plus accessible et s\u00e9curis\u00e9e.<\/p>\n<\/div><\/div>\n\n<\/div><\/div>\n\n<style>.kb-row-layout-id4066_7a07b9-f0 > .kt-row-column-wrap{align-content:start;}:where(.kb-row-layout-id4066_7a07b9-f0 > .kt-row-column-wrap) > .wp-block-kadence-column{justify-content:start;}.kb-row-layout-id4066_7a07b9-f0 > .kt-row-column-wrap{column-gap:var(--global-kb-gap-md, 2rem);row-gap:var(--global-kb-gap-md, 2rem);padding-top:var(--global-kb-spacing-sm, 1.5rem);padding-bottom:var(--global-kb-spacing-sm, 1.5rem);grid-template-columns:repeat(2, minmax(0, 1fr));}.kb-row-layout-id4066_7a07b9-f0 > .kt-row-layout-overlay{opacity:0.30;}@media all and (max-width: 1024px){.kb-row-layout-id4066_7a07b9-f0 > .kt-row-column-wrap{grid-template-columns:repeat(2, minmax(0, 1fr));}}@media all and (max-width: 767px){.kb-row-layout-id4066_7a07b9-f0 > .kt-row-column-wrap{grid-template-columns:minmax(0, 1fr);}}<\/style><div class=\"kb-row-layout-wrap kb-row-layout-id4066_7a07b9-f0 alignnone wp-block-kadence-rowlayout\"><div class=\"kt-row-column-wrap kt-has-2-columns kt-row-layout-equal kt-tab-layout-inherit kt-mobile-layout-row kt-row-valign-top\">\n<style>.kadence-column4066_b1e596-a7 > .kt-inside-inner-col,.kadence-column4066_b1e596-a7 > .kt-inside-inner-col:before{border-top-left-radius:0px;border-top-right-radius:0px;border-bottom-right-radius:0px;border-bottom-left-radius:0px;}.kadence-column4066_b1e596-a7 > .kt-inside-inner-col{column-gap:var(--global-kb-gap-sm, 1rem);}.kadence-column4066_b1e596-a7 > .kt-inside-inner-col{flex-direction:column;}.kadence-column4066_b1e596-a7 > .kt-inside-inner-col > .aligncenter{width:100%;}.kadence-column4066_b1e596-a7 > .kt-inside-inner-col:before{opacity:0.3;}.kadence-column4066_b1e596-a7{position:relative;}@media all and (max-width: 1024px){.kadence-column4066_b1e596-a7 > .kt-inside-inner-col{flex-direction:column;justify-content:center;}}@media all and (max-width: 767px){.kadence-column4066_b1e596-a7 > .kt-inside-inner-col{flex-direction:column;justify-content:center;}}<\/style>\n<div class=\"wp-block-kadence-column kadence-column4066_b1e596-a7\"><div class=\"kt-inside-inner-col\">\n<h2 class=\"wp-block-heading\">Caract\u00e9ristiques techniques de la Marche de baignoire<\/h2>\n\n\n\n<ul class=\"wp-block-list\">\n<li>Dimensions hors-tout : L 50 x p 40 x h 10 cm<\/li>\n\n\n\n<li>Poids maximal utilisateur : 140 Kg<\/li>\n\n\n\n<li>Poids : 1 Kg<\/li>\n\n\n\n<li>Empilable<\/li>\n\n\n\n<li>Garantie 2 ans<\/li>\n\n\n\n<li>Couleur : blanc et bleu<\/li>\n<\/ul>\n<\/div><\/div>\n\n\n<style>.kadence-column4066_e56adb-67 > .kt-inside-inner-col,.kadence-column4066_e56adb-67 > .kt-inside-inner-col:before{border-top-left-radius:0px;border-top-right-radius:0px;border-bottom-right-radius:0px;border-bottom-left-radius:0px;}.kadence-column4066_e56adb-67 > .kt-inside-inner-col{column-gap:var(--global-kb-gap-sm, 1rem);}.kadence-column4066_e56adb-67 > .kt-inside-inner-col{flex-direction:column;}.kadence-column4066_e56adb-67 > .kt-inside-inner-col > .aligncenter{width:100%;}.kadence-column4066_e56adb-67 > .kt-inside-inner-col:before{opacity:0.3;}.kadence-column4066_e56adb-67{position:relative;}@media all and (max-width: 1024px){.kadence-column4066_e56adb-67 > .kt-inside-inner-col{flex-direction:column;justify-content:center;}}@media all and (max-width: 767px){.kadence-column4066_e56adb-67 > .kt-inside-inner-col{flex-direction:column;justify-content:center;}}<\/style>\n<div class=\"wp-block-kadence-column kadence-column4066_e56adb-67\"><div class=\"kt-inside-inner-col\"><\/div><\/div>\n\n<\/div><\/div>","protected":false},"excerpt":{"rendered":"<p>Retour Marche de baignoire empilable Petunia Marche de baignoire empilable Petunia &#8211; 25,90\u20acR\u00e9f\u00e9rence : 115722 Description du produit La&nbsp;marche de baignoire P\u00e9tunia, l\u00e9g\u00e8re et s\u00e9curisante gr\u00e2ce \u00e0 son rev\u00eatement antid\u00e9rapant, facilite l&rsquo;acc\u00e8s \u00e0 votre douche ou baignoire. Son design empilable vous permet d&rsquo;ajuster la hauteur selon vos besoins en embo\u00eetant simplement une marche sur une&#8230;<\/p>\n","protected":false},"author":1,"featured_media":0,"parent":0,"menu_order":0,"comment_status":"closed","ping_status":"closed","template":"","meta":{"content-type":"","_kad_post_transparent":"","_kad_post_title":"hide","_kad_post_layout":"","_kad_post_sidebar_id":"","_kad_post_content_style":"","_kad_post_vertical_padding":"","_kad_post_feature":"","_kad_post_feature_position":"","_kad_post_header":false,"_kad_post_footer":false,"footnotes":""},"class_list":["post-4066","page","type-page","status-publish","hentry"],"_links":{"self":[{"href":"https:\/\/bastideparis.fr\/ro49090-ovh\/index.php\/wp-json\/wp\/v2\/pages\/4066","targetHints":{"allow":["GET"]}}],"collection":[{"href":"https:\/\/bastideparis.fr\/ro49090-ovh\/index.php\/wp-json\/wp\/v2\/pages"}],"about":[{"href":"https:\/\/bastideparis.fr\/ro49090-ovh\/index.php\/wp-json\/wp\/v2\/types\/page"}],"author":[{"embeddable":true,"href":"https:\/\/bastideparis.fr\/ro49090-ovh\/index.php\/wp-json\/wp\/v2\/users\/1"}],"replies":[{"embeddable":true,"href":"https:\/\/bastideparis.fr\/ro49090-ovh\/index.php\/wp-json\/wp\/v2\/comments?post=4066"}],"version-history":[{"count":1,"href":"https:\/\/bastideparis.fr\/ro49090-ovh\/index.php\/wp-json\/wp\/v2\/pages\/4066\/revisions"}],"predecessor-version":[{"id":4067,"href":"https:\/\/bastideparis.fr\/ro49090-ovh\/index.php\/wp-json\/wp\/v2\/pages\/4066\/revisions\/4067"}],"wp:attachment":[{"href":"https:\/\/bastideparis.fr\/ro49090-ovh\/index.php\/wp-json\/wp\/v2\/media?parent=4066"}],"curies":[{"name":"wp","href":"https:\/\/api.w.org\/{rel}","templated":true}]}}