{"id":4092,"date":"2024-06-20T13:14:59","date_gmt":"2024-06-20T11:14:59","guid":{"rendered":"https:\/\/bastideparis.fr\/ro49090-ovh\/?page_id=4092"},"modified":"2024-06-20T13:14:59","modified_gmt":"2024-06-20T11:14:59","slug":"tabouret-de-douche-edge","status":"publish","type":"page","link":"https:\/\/bastideparis.fr\/ro49090-ovh\/index.php\/tabouret-de-douche-edge\/","title":{"rendered":"Tabouret de douche Edge"},"content":{"rendered":"\n<p><a href=\"https:\/\/bastideparis.fr\/ro49090-ovh\/index.php\/showroom-virtuel\/salle-de-bains\/\">Retour<\/a><\/p>\n\n\n\n<p class=\"has-larger-font-size\">Tabouret de douche Edge<\/p>\n\n\n<style>.kb-row-layout-id4092_4c17a9-d8 > .kt-row-column-wrap{align-content:start;}:where(.kb-row-layout-id4092_4c17a9-d8 > .kt-row-column-wrap) > .wp-block-kadence-column{justify-content:start;}.kb-row-layout-id4092_4c17a9-d8 > .kt-row-column-wrap{column-gap:var(--global-kb-gap-md, 2rem);row-gap:var(--global-kb-gap-md, 2rem);padding-top:var(--global-kb-spacing-sm, 1.5rem);padding-bottom:var(--global-kb-spacing-sm, 1.5rem);grid-template-columns:repeat(2, minmax(0, 1fr));}.kb-row-layout-id4092_4c17a9-d8 > .kt-row-layout-overlay{opacity:0.30;}@media all and (max-width: 1024px){.kb-row-layout-id4092_4c17a9-d8 > .kt-row-column-wrap{grid-template-columns:repeat(2, minmax(0, 1fr));}}@media all and (max-width: 767px){.kb-row-layout-id4092_4c17a9-d8 > .kt-row-column-wrap{grid-template-columns:minmax(0, 1fr);}}<\/style><div class=\"kb-row-layout-wrap kb-row-layout-id4092_4c17a9-d8 alignnone wp-block-kadence-rowlayout\"><div class=\"kt-row-column-wrap kt-has-2-columns kt-row-layout-equal kt-tab-layout-inherit kt-mobile-layout-row kt-row-valign-top\">\n<style>.kadence-column4092_004d38-66 > .kt-inside-inner-col,.kadence-column4092_004d38-66 > .kt-inside-inner-col:before{border-top-left-radius:0px;border-top-right-radius:0px;border-bottom-right-radius:0px;border-bottom-left-radius:0px;}.kadence-column4092_004d38-66 > .kt-inside-inner-col{column-gap:var(--global-kb-gap-sm, 1rem);}.kadence-column4092_004d38-66 > .kt-inside-inner-col{flex-direction:column;}.kadence-column4092_004d38-66 > .kt-inside-inner-col > .aligncenter{width:100%;}.kadence-column4092_004d38-66 > .kt-inside-inner-col:before{opacity:0.3;}.kadence-column4092_004d38-66{position:relative;}@media all and (max-width: 1024px){.kadence-column4092_004d38-66 > .kt-inside-inner-col{flex-direction:column;justify-content:center;}}@media all and (max-width: 767px){.kadence-column4092_004d38-66 > .kt-inside-inner-col{flex-direction:column;justify-content:center;}}<\/style>\n<div class=\"wp-block-kadence-column kadence-column4092_004d38-66\"><div class=\"kt-inside-inner-col\"><div class=\"wp-block-image\">\n<figure class=\"aligncenter size-full\"><img loading=\"lazy\" decoding=\"async\" width=\"355\" height=\"360\" src=\"https:\/\/bastideparis.fr\/ro49090-ovh\/wp-content\/uploads\/2024\/02\/tabouret-edge.webp\" alt=\"\" class=\"wp-image-2202\" srcset=\"https:\/\/bastideparis.fr\/ro49090-ovh\/wp-content\/uploads\/2024\/02\/tabouret-edge.webp 355w, https:\/\/bastideparis.fr\/ro49090-ovh\/wp-content\/uploads\/2024\/02\/tabouret-edge-296x300.webp 296w\" sizes=\"auto, (max-width: 355px) 100vw, 355px\" \/><\/figure>\n<\/div><\/div><\/div>\n\n\n<style>.kadence-column4092_fcd16f-ca > .kt-inside-inner-col,.kadence-column4092_fcd16f-ca > .kt-inside-inner-col:before{border-top-left-radius:0px;border-top-right-radius:0px;border-bottom-right-radius:0px;border-bottom-left-radius:0px;}.kadence-column4092_fcd16f-ca > .kt-inside-inner-col{column-gap:var(--global-kb-gap-sm, 1rem);}.kadence-column4092_fcd16f-ca > .kt-inside-inner-col{flex-direction:column;}.kadence-column4092_fcd16f-ca > .kt-inside-inner-col > .aligncenter{width:100%;}.kadence-column4092_fcd16f-ca > .kt-inside-inner-col:before{opacity:0.3;}.kadence-column4092_fcd16f-ca{position:relative;}@media all and (max-width: 1024px){.kadence-column4092_fcd16f-ca > .kt-inside-inner-col{flex-direction:column;justify-content:center;}}@media all and (max-width: 767px){.kadence-column4092_fcd16f-ca > .kt-inside-inner-col{flex-direction:column;justify-content:center;}}<\/style>\n<div class=\"wp-block-kadence-column kadence-column4092_fcd16f-ca\"><div class=\"kt-inside-inner-col\">\n<p><strong>Tabouret de douche Edge &#8211; 82,50\u20ac<br>R\u00e9f\u00e9rence : 109045<\/strong><\/p>\n\n\n\n<h2 class=\"wp-block-heading\">Description du produit<\/h2>\n\n\n\n<p>Ce&nbsp;<strong>tabouret de douche EDGE<\/strong>&nbsp;est&nbsp;<strong>tr\u00e8s peu encombrant<\/strong>&nbsp;et offre une&nbsp;<strong>stabilit\u00e9 remarquable<\/strong>. Les larges embouts souples assurent une bonne prise au sol. Il est&nbsp;<strong>r\u00e9glable en hauteur<\/strong>&nbsp;afin que chacun trouve la hauteur de si\u00e8ge id\u00e9ale.<\/p>\n<\/div><\/div>\n\n<\/div><\/div>\n\n<style>.kb-row-layout-id4092_5e1cb9-f5 > .kt-row-column-wrap{align-content:start;}:where(.kb-row-layout-id4092_5e1cb9-f5 > .kt-row-column-wrap) > .wp-block-kadence-column{justify-content:start;}.kb-row-layout-id4092_5e1cb9-f5 > .kt-row-column-wrap{column-gap:var(--global-kb-gap-md, 2rem);row-gap:var(--global-kb-gap-md, 2rem);padding-top:var(--global-kb-spacing-sm, 1.5rem);padding-bottom:var(--global-kb-spacing-sm, 1.5rem);grid-template-columns:repeat(2, minmax(0, 1fr));}.kb-row-layout-id4092_5e1cb9-f5 > .kt-row-layout-overlay{opacity:0.30;}@media all and (max-width: 1024px){.kb-row-layout-id4092_5e1cb9-f5 > .kt-row-column-wrap{grid-template-columns:repeat(2, minmax(0, 1fr));}}@media all and (max-width: 767px){.kb-row-layout-id4092_5e1cb9-f5 > .kt-row-column-wrap{grid-template-columns:minmax(0, 1fr);}}<\/style><div class=\"kb-row-layout-wrap kb-row-layout-id4092_5e1cb9-f5 alignnone wp-block-kadence-rowlayout\"><div class=\"kt-row-column-wrap kt-has-2-columns kt-row-layout-equal kt-tab-layout-inherit kt-mobile-layout-row kt-row-valign-top\">\n<style>.kadence-column4092_abd422-83 > .kt-inside-inner-col,.kadence-column4092_abd422-83 > .kt-inside-inner-col:before{border-top-left-radius:0px;border-top-right-radius:0px;border-bottom-right-radius:0px;border-bottom-left-radius:0px;}.kadence-column4092_abd422-83 > .kt-inside-inner-col{column-gap:var(--global-kb-gap-sm, 1rem);}.kadence-column4092_abd422-83 > .kt-inside-inner-col{flex-direction:column;}.kadence-column4092_abd422-83 > .kt-inside-inner-col > .aligncenter{width:100%;}.kadence-column4092_abd422-83 > .kt-inside-inner-col:before{opacity:0.3;}.kadence-column4092_abd422-83{position:relative;}@media all and (max-width: 1024px){.kadence-column4092_abd422-83 > .kt-inside-inner-col{flex-direction:column;justify-content:center;}}@media all and (max-width: 767px){.kadence-column4092_abd422-83 > .kt-inside-inner-col{flex-direction:column;justify-content:center;}}<\/style>\n<div class=\"wp-block-kadence-column kadence-column4092_abd422-83\"><div class=\"kt-inside-inner-col\">\n<h2 class=\"wp-block-heading\">Un si\u00e8ge de douche anatomique et r\u00e9glable<\/h2>\n\n\n\n<p>Pour soulager les articulations de la hanche, il faut mettre le tabouret en position selle, c\u2019est-\u00e0-dire avec l\u2019un des coins plac\u00e9 entre les jambes. De m\u00eame, la hauteur peut \u00eatre d\u00e9finie avec une l\u00e9g\u00e8re inclinaison. Ce tabouret aide \u00e0 se mettre debout plus facilement et&nbsp;<strong>se manipule ais\u00e9ment<\/strong>. De plus,&nbsp;EDGE&nbsp;<strong>r\u00e9siste \u00e0 la corrosion<\/strong>&nbsp;et permet un&nbsp;<strong>nettoyage facile<\/strong>. Son poids r\u00e9duit permet de le d\u00e9placer en toute simplicit\u00e9 ; empilable, il se range facilement.<\/p>\n<\/div><\/div>\n\n\n<style>.kadence-column4092_8aa33c-f7 > .kt-inside-inner-col,.kadence-column4092_8aa33c-f7 > .kt-inside-inner-col:before{border-top-left-radius:0px;border-top-right-radius:0px;border-bottom-right-radius:0px;border-bottom-left-radius:0px;}.kadence-column4092_8aa33c-f7 > .kt-inside-inner-col{column-gap:var(--global-kb-gap-sm, 1rem);}.kadence-column4092_8aa33c-f7 > .kt-inside-inner-col{flex-direction:column;}.kadence-column4092_8aa33c-f7 > .kt-inside-inner-col > .aligncenter{width:100%;}.kadence-column4092_8aa33c-f7 > .kt-inside-inner-col:before{opacity:0.3;}.kadence-column4092_8aa33c-f7{position:relative;}@media all and (max-width: 1024px){.kadence-column4092_8aa33c-f7 > .kt-inside-inner-col{flex-direction:column;justify-content:center;}}@media all and (max-width: 767px){.kadence-column4092_8aa33c-f7 > .kt-inside-inner-col{flex-direction:column;justify-content:center;}}<\/style>\n<div class=\"wp-block-kadence-column kadence-column4092_8aa33c-f7\"><div class=\"kt-inside-inner-col\">\n<h2 class=\"wp-block-heading\">Caract\u00e9ristiques du tabouret de douche Edge<\/h2>\n\n\n\n<ul class=\"wp-block-list\">\n<li>Livr\u00e9 d\u00e9mont\u00e9, s\u2019assemble et se r\u00e8gle en hauteur facilement et sans aucun outil.<\/li>\n\n\n\n<li>Hauteur\u00a0: compris entre 42 et 57 cm.<\/li>\n\n\n\n<li>Vendu \u00e0 l&rsquo;unit\u00e9<\/li>\n<\/ul>\n<\/div><\/div>\n\n<\/div><\/div>","protected":false},"excerpt":{"rendered":"<p>Retour Tabouret de douche Edge Tabouret de douche Edge &#8211; 82,50\u20acR\u00e9f\u00e9rence : 109045 Description du produit Ce&nbsp;tabouret de douche EDGE&nbsp;est&nbsp;tr\u00e8s peu encombrant&nbsp;et offre une&nbsp;stabilit\u00e9 remarquable. Les larges embouts souples assurent une bonne prise au sol. Il est&nbsp;r\u00e9glable en hauteur&nbsp;afin que chacun trouve la hauteur de si\u00e8ge id\u00e9ale. Un si\u00e8ge de douche anatomique et r\u00e9glable Pour&#8230;<\/p>\n","protected":false},"author":1,"featured_media":0,"parent":0,"menu_order":0,"comment_status":"closed","ping_status":"closed","template":"","meta":{"content-type":"","_kad_post_transparent":"","_kad_post_title":"hide","_kad_post_layout":"","_kad_post_sidebar_id":"","_kad_post_content_style":"","_kad_post_vertical_padding":"","_kad_post_feature":"","_kad_post_feature_position":"","_kad_post_header":false,"_kad_post_footer":false,"footnotes":""},"class_list":["post-4092","page","type-page","status-publish","hentry"],"_links":{"self":[{"href":"https:\/\/bastideparis.fr\/ro49090-ovh\/index.php\/wp-json\/wp\/v2\/pages\/4092","targetHints":{"allow":["GET"]}}],"collection":[{"href":"https:\/\/bastideparis.fr\/ro49090-ovh\/index.php\/wp-json\/wp\/v2\/pages"}],"about":[{"href":"https:\/\/bastideparis.fr\/ro49090-ovh\/index.php\/wp-json\/wp\/v2\/types\/page"}],"author":[{"embeddable":true,"href":"https:\/\/bastideparis.fr\/ro49090-ovh\/index.php\/wp-json\/wp\/v2\/users\/1"}],"replies":[{"embeddable":true,"href":"https:\/\/bastideparis.fr\/ro49090-ovh\/index.php\/wp-json\/wp\/v2\/comments?post=4092"}],"version-history":[{"count":1,"href":"https:\/\/bastideparis.fr\/ro49090-ovh\/index.php\/wp-json\/wp\/v2\/pages\/4092\/revisions"}],"predecessor-version":[{"id":4093,"href":"https:\/\/bastideparis.fr\/ro49090-ovh\/index.php\/wp-json\/wp\/v2\/pages\/4092\/revisions\/4093"}],"wp:attachment":[{"href":"https:\/\/bastideparis.fr\/ro49090-ovh\/index.php\/wp-json\/wp\/v2\/media?parent=4092"}],"curies":[{"name":"wp","href":"https:\/\/api.w.org\/{rel}","templated":true}]}}