{"id":4111,"date":"2024-06-20T13:32:15","date_gmt":"2024-06-20T11:32:15","guid":{"rendered":"https:\/\/bastideparis.fr\/ro49090-ovh\/?page_id=4111"},"modified":"2024-06-20T13:32:15","modified_gmt":"2024-06-20T11:32:15","slug":"tapis-de-douche-blanc-55x55-cm","status":"publish","type":"page","link":"https:\/\/bastideparis.fr\/ro49090-ovh\/index.php\/tapis-de-douche-blanc-55x55-cm\/","title":{"rendered":"Tapis de douche blanc 55&#215;55 cm"},"content":{"rendered":"\n<p><a href=\"https:\/\/bastideparis.fr\/ro49090-ovh\/index.php\/showroom-virtuel\/salle-de-bains\/\">Retour<\/a><\/p>\n\n\n\n<p class=\"has-larger-font-size\">Tapis de douche blanc 55&#215;55 cm<\/p>\n\n\n<style>.kb-row-layout-id4111_e57e0a-df > .kt-row-column-wrap{align-content:start;}:where(.kb-row-layout-id4111_e57e0a-df > .kt-row-column-wrap) > .wp-block-kadence-column{justify-content:start;}.kb-row-layout-id4111_e57e0a-df > .kt-row-column-wrap{column-gap:var(--global-kb-gap-md, 2rem);row-gap:var(--global-kb-gap-md, 2rem);padding-top:var(--global-kb-spacing-sm, 1.5rem);padding-bottom:var(--global-kb-spacing-sm, 1.5rem);grid-template-columns:repeat(2, minmax(0, 1fr));}.kb-row-layout-id4111_e57e0a-df > .kt-row-layout-overlay{opacity:0.30;}@media all and (max-width: 1024px){.kb-row-layout-id4111_e57e0a-df > .kt-row-column-wrap{grid-template-columns:repeat(2, minmax(0, 1fr));}}@media all and (max-width: 767px){.kb-row-layout-id4111_e57e0a-df > .kt-row-column-wrap{grid-template-columns:minmax(0, 1fr);}}<\/style><div class=\"kb-row-layout-wrap kb-row-layout-id4111_e57e0a-df alignnone wp-block-kadence-rowlayout\"><div class=\"kt-row-column-wrap kt-has-2-columns kt-row-layout-equal kt-tab-layout-inherit kt-mobile-layout-row kt-row-valign-top\">\n<style>.kadence-column4111_3ab19a-33 > .kt-inside-inner-col,.kadence-column4111_3ab19a-33 > .kt-inside-inner-col:before{border-top-left-radius:0px;border-top-right-radius:0px;border-bottom-right-radius:0px;border-bottom-left-radius:0px;}.kadence-column4111_3ab19a-33 > .kt-inside-inner-col{column-gap:var(--global-kb-gap-sm, 1rem);}.kadence-column4111_3ab19a-33 > .kt-inside-inner-col{flex-direction:column;}.kadence-column4111_3ab19a-33 > .kt-inside-inner-col > .aligncenter{width:100%;}.kadence-column4111_3ab19a-33 > .kt-inside-inner-col:before{opacity:0.3;}.kadence-column4111_3ab19a-33{position:relative;}@media all and (max-width: 1024px){.kadence-column4111_3ab19a-33 > .kt-inside-inner-col{flex-direction:column;justify-content:center;}}@media all and (max-width: 767px){.kadence-column4111_3ab19a-33 > .kt-inside-inner-col{flex-direction:column;justify-content:center;}}<\/style>\n<div class=\"wp-block-kadence-column kadence-column4111_3ab19a-33\"><div class=\"kt-inside-inner-col\"><div class=\"wp-block-image\">\n<figure class=\"aligncenter size-full\"><img loading=\"lazy\" decoding=\"async\" width=\"360\" height=\"360\" src=\"https:\/\/bastideparis.fr\/ro49090-ovh\/wp-content\/uploads\/2024\/02\/tapis-latex-55cmx.webp\" alt=\"\" class=\"wp-image-2207\" srcset=\"https:\/\/bastideparis.fr\/ro49090-ovh\/wp-content\/uploads\/2024\/02\/tapis-latex-55cmx.webp 360w, https:\/\/bastideparis.fr\/ro49090-ovh\/wp-content\/uploads\/2024\/02\/tapis-latex-55cmx-300x300.webp 300w, https:\/\/bastideparis.fr\/ro49090-ovh\/wp-content\/uploads\/2024\/02\/tapis-latex-55cmx-150x150.webp 150w\" sizes=\"auto, (max-width: 360px) 100vw, 360px\" \/><\/figure>\n<\/div><\/div><\/div>\n\n\n<style>.kadence-column4111_2b3e98-89 > .kt-inside-inner-col,.kadence-column4111_2b3e98-89 > .kt-inside-inner-col:before{border-top-left-radius:0px;border-top-right-radius:0px;border-bottom-right-radius:0px;border-bottom-left-radius:0px;}.kadence-column4111_2b3e98-89 > .kt-inside-inner-col{column-gap:var(--global-kb-gap-sm, 1rem);}.kadence-column4111_2b3e98-89 > .kt-inside-inner-col{flex-direction:column;}.kadence-column4111_2b3e98-89 > .kt-inside-inner-col > .aligncenter{width:100%;}.kadence-column4111_2b3e98-89 > .kt-inside-inner-col:before{opacity:0.3;}.kadence-column4111_2b3e98-89{position:relative;}@media all and (max-width: 1024px){.kadence-column4111_2b3e98-89 > .kt-inside-inner-col{flex-direction:column;justify-content:center;}}@media all and (max-width: 767px){.kadence-column4111_2b3e98-89 > .kt-inside-inner-col{flex-direction:column;justify-content:center;}}<\/style>\n<div class=\"wp-block-kadence-column kadence-column4111_2b3e98-89\"><div class=\"kt-inside-inner-col\">\n<p><strong>Tapis de douche blanc 55&#215;55 cm &#8211; 16,90\u20ac<br>R\u00e9f\u00e9rence : 114675<\/strong><\/p>\n\n\n\n<h2 class=\"wp-block-heading\">Description du produit<\/h2>\n\n\n\n<p>Ce&nbsp;<strong>tapis de douche antid\u00e9rapant<\/strong>&nbsp;se fixe directement sur le fond de la douche&nbsp;avec de petites ventouses pour \u00e9viter de glisser.<\/p>\n\n\n\n<p>Ce tapis de douche, vous assure, une toilette&nbsp;<strong>en toute s\u00e9curit\u00e9<\/strong>.<\/p>\n\n\n\n<h2 class=\"wp-block-heading\">Caract\u00e9ristiques du tapis de douche antid\u00e9rapant<\/h2>\n\n\n\n<ul class=\"wp-block-list\">\n<li>Dimensions : 55 x 55 cm.<\/li>\n<\/ul>\n<\/div><\/div>\n\n<\/div><\/div>","protected":false},"excerpt":{"rendered":"<p>Retour Tapis de douche blanc 55&#215;55 cm Tapis de douche blanc 55&#215;55 cm &#8211; 16,90\u20acR\u00e9f\u00e9rence : 114675 Description du produit Ce&nbsp;tapis de douche antid\u00e9rapant&nbsp;se fixe directement sur le fond de la douche&nbsp;avec de petites ventouses pour \u00e9viter de glisser. Ce tapis de douche, vous assure, une toilette&nbsp;en toute s\u00e9curit\u00e9. Caract\u00e9ristiques du tapis de douche antid\u00e9rapant<\/p>\n","protected":false},"author":1,"featured_media":0,"parent":0,"menu_order":0,"comment_status":"closed","ping_status":"closed","template":"","meta":{"content-type":"","_kad_post_transparent":"","_kad_post_title":"hide","_kad_post_layout":"","_kad_post_sidebar_id":"","_kad_post_content_style":"","_kad_post_vertical_padding":"","_kad_post_feature":"","_kad_post_feature_position":"","_kad_post_header":false,"_kad_post_footer":false,"footnotes":""},"class_list":["post-4111","page","type-page","status-publish","hentry"],"_links":{"self":[{"href":"https:\/\/bastideparis.fr\/ro49090-ovh\/index.php\/wp-json\/wp\/v2\/pages\/4111","targetHints":{"allow":["GET"]}}],"collection":[{"href":"https:\/\/bastideparis.fr\/ro49090-ovh\/index.php\/wp-json\/wp\/v2\/pages"}],"about":[{"href":"https:\/\/bastideparis.fr\/ro49090-ovh\/index.php\/wp-json\/wp\/v2\/types\/page"}],"author":[{"embeddable":true,"href":"https:\/\/bastideparis.fr\/ro49090-ovh\/index.php\/wp-json\/wp\/v2\/users\/1"}],"replies":[{"embeddable":true,"href":"https:\/\/bastideparis.fr\/ro49090-ovh\/index.php\/wp-json\/wp\/v2\/comments?post=4111"}],"version-history":[{"count":1,"href":"https:\/\/bastideparis.fr\/ro49090-ovh\/index.php\/wp-json\/wp\/v2\/pages\/4111\/revisions"}],"predecessor-version":[{"id":4112,"href":"https:\/\/bastideparis.fr\/ro49090-ovh\/index.php\/wp-json\/wp\/v2\/pages\/4111\/revisions\/4112"}],"wp:attachment":[{"href":"https:\/\/bastideparis.fr\/ro49090-ovh\/index.php\/wp-json\/wp\/v2\/media?parent=4111"}],"curies":[{"name":"wp","href":"https:\/\/api.w.org\/{rel}","templated":true}]}}